{"id":216,"date":"2024-12-13T13:26:38","date_gmt":"2024-12-13T12:26:38","guid":{"rendered":"https:\/\/cuc.carnet.hr\/2025\/?page_id=216"},"modified":"2025-03-14T10:31:14","modified_gmt":"2025-03-14T09:31:14","slug":"kotizacije","status":"publish","type":"page","link":"https:\/\/cuc.carnet.hr\/2025\/kotizacije\/","title":{"rendered":"Kotizacije"},"content":{"rendered":"\t\t<div data-elementor-type=\"wp-page\" data-elementor-id=\"216\" class=\"elementor elementor-216\" data-elementor-post-type=\"page\">\n\t\t\t\t<div class=\"elementor-element elementor-element-5c721b1 e-flex e-con-boxed e-con e-parent\" data-id=\"5c721b1\" data-element_type=\"container\">\n\t\t\t\t\t<div class=\"e-con-inner\">\n\t\t\t\t<div class=\"elementor-element elementor-element-fb1b953 elementor-widget elementor-widget-price-list\" data-id=\"fb1b953\" data-element_type=\"widget\" data-widget_type=\"price-list.default\">\n\t\t\t\t<div class=\"elementor-widget-container\">\n\t\t\t\t\t\n\t\t<ul class=\"elementor-price-list\">\n\n\t\t\t\t\t\t\t\t\t<li><a class=\"elementor-price-list-item\" href=\"#\">\t\t\t\t\n\t\t\t\t<div class=\"elementor-price-list-text\">\n\t\t\t\t\t\t\t\t\t<div class=\"elementor-price-list-header\">\n\t\t\t\t\t\t\t\t\t\t\t<span class=\"elementor-price-list-title\">\n\t\t\t\t\t\t\tKomercijalna kotizacija\t\t\t\t\t\t<\/span>\n\t\t\t\t\t\t\t\t\t\t\t\t\t\t\t\t\t\t<span class=\"elementor-price-list-separator\"><\/span>\n\t\t\t\t\t\t\t\t\t\t\t\t\t\t\t\t\t\t\t<span class=\"elementor-price-list-price\">570,00\u20ac<\/span>\n\t\t\t\t\t\t\t\t\t\t<\/div>\n\t\t\t\t\t\t\t\t\t\t\t\t\t\t\t<p class=\"elementor-price-list-description\">\n\t\t\t\t\t\t\tUklju\u010duje program konferencije, ve\u010dere i pauze za kavu. <br>\n\nNe uklju\u010duje tro\u0161kove smje\u0161taja i prijevoza \n\t\t\t\t\t\t<\/p>\n\t\t\t\t\t\t\t\t<\/div>\n\t\t\t\t<\/a><\/li>\t\t\t\t\t\t\t\t\t\t\t\t<li><a class=\"elementor-price-list-item\" href=\"#\">\t\t\t\t\n\t\t\t\t<div class=\"elementor-price-list-text\">\n\t\t\t\t\t\t\t\t\t<div class=\"elementor-price-list-header\">\n\t\t\t\t\t\t\t\t\t\t\t<span class=\"elementor-price-list-title\">\n\t\t\t\t\t\t\tKomercijalna mini kotizacija\t\t\t\t\t\t<\/span>\n\t\t\t\t\t\t\t\t\t\t\t\t\t\t\t\t\t\t<span class=\"elementor-price-list-separator\"><\/span>\n\t\t\t\t\t\t\t\t\t\t\t\t\t\t\t\t\t\t\t<span class=\"elementor-price-list-price\">500,00\u20ac<\/span>\n\t\t\t\t\t\t\t\t\t\t<\/div>\n\t\t\t\t\t\t\t\t\t\t\t\t\t\t\t<p class=\"elementor-price-list-description\">\n\t\t\t\t\t\t\tUklju\u010duje program konferencije i pauze za kavu. <br>\n\nNe uklju\u010duje tro\u0161kove ve\u010dera, smje\u0161taja i prijevoza \n\t\t\t\t\t\t<\/p>\n\t\t\t\t\t\t\t\t<\/div>\n\t\t\t\t<\/a><\/li>\t\t\t\t\t\t\t\t\t\t\t\t<li><a class=\"elementor-price-list-item\" href=\"#\">\t\t\t\t\n\t\t\t\t<div class=\"elementor-price-list-text\">\n\t\t\t\t\t\t\t\t\t<div class=\"elementor-price-list-header\">\n\t\t\t\t\t\t\t\t\t\t\t<span class=\"elementor-price-list-title\">\n\t\t\t\t\t\t\tEdu kotizacija*\t\t\t\t\t\t<\/span>\n\t\t\t\t\t\t\t\t\t\t\t\t\t\t\t\t\t\t<span class=\"elementor-price-list-separator\"><\/span>\n\t\t\t\t\t\t\t\t\t\t\t\t\t\t\t\t\t\t\t<span class=\"elementor-price-list-price\">150,00\u20ac<\/span>\n\t\t\t\t\t\t\t\t\t\t<\/div>\n\t\t\t\t\t\t\t\t\t\t\t\t\t\t\t<p class=\"elementor-price-list-description\">\n\t\t\t\t\t\t\t<b>Dostupna samo zaposlenicima ustanova iz sustava MZOM.<\/b>\n\n<br><br>\nUklju\u010duje program konferencije, ve\u010dere i pauze za kavu.<br>\nNe uklju\u010duje tro\u0161kove smje\u0161taja i prijevoza \n\t\t\t\t\t\t<\/p>\n\t\t\t\t\t\t\t\t<\/div>\n\t\t\t\t<\/a><\/li>\t\t\t\t\t\t\t\t\t\t\t\t<li><a class=\"elementor-price-list-item\" href=\"#\">\t\t\t\t\n\t\t\t\t<div class=\"elementor-price-list-text\">\n\t\t\t\t\t\t\t\t\t<div class=\"elementor-price-list-header\">\n\t\t\t\t\t\t\t\t\t\t\t<span class=\"elementor-price-list-title\">\n\t\t\t\t\t\t\tEdu mini kotizacija* \t\t\t\t\t\t<\/span>\n\t\t\t\t\t\t\t\t\t\t\t\t\t\t\t\t\t\t<span class=\"elementor-price-list-separator\"><\/span>\n\t\t\t\t\t\t\t\t\t\t\t\t\t\t\t\t\t\t\t<span class=\"elementor-price-list-price\">80,00\u20ac<\/span>\n\t\t\t\t\t\t\t\t\t\t<\/div>\n\t\t\t\t\t\t\t\t\t\t\t\t\t\t\t<p class=\"elementor-price-list-description\">\n\t\t\t\t\t\t\t<b>Dostupna samo zaposlenicima ustanova iz sustava MZOM.<\/b> \n<br><br>\nUklju\u010duje program konferencije i pauze za kavu.  <br>Ne uklju\u010duje tro\u0161kove ve\u010dera, smje\u0161taja i prijevoza. \n\t\t\t\t\t\t<\/p>\n\t\t\t\t\t\t\t\t<\/div>\n\t\t\t\t<\/a><\/li>\t\t\t\t\t\t\t\t\t\t\t\t<li><a class=\"elementor-price-list-item\" href=\"#\">\t\t\t\t\n\t\t\t\t<div class=\"elementor-price-list-text\">\n\t\t\t\t\t\t\t\t\t<div class=\"elementor-price-list-header\">\n\t\t\t\t\t\t\t\t\t\t\t<span class=\"elementor-price-list-title\">\n\t\t\t\t\t\t\tBrAIn subvencionirana kotizacija\t\t\t\t\t\t<\/span>\n\t\t\t\t\t\t\t\t\t\t\t\t\t\t\t\t\t\t<span class=\"elementor-price-list-separator\"><\/span>\n\t\t\t\t\t\t\t\t\t\t\t\t\t\t\t\t<\/div>\n\t\t\t\t\t\t\t\t\t\t\t\t\t\t\t<p class=\"elementor-price-list-description\">\n\t\t\t\t\t\t\t<b>Dostupna samo na poziv.<\/b>\n\n<br>Uklju\u010duje usluge prema primljenom pozivu - vrijednost 150 eura**\n<br><br><br>\t\t\t\t\t\t<\/p>\n\t\t\t\t\t\t\t\t<\/div>\n\t\t\t\t<\/a><\/li>\t\t\t\t\t\t\t\t\t\t\t\t<li><a class=\"elementor-price-list-item\" href=\"#\">\t\t\t\t\n\t\t\t\t<div class=\"elementor-price-list-text\">\n\t\t\t\t\t\t\t\t\t<div class=\"elementor-price-list-header\">\n\t\t\t\t\t\t\t\t\t\t\t<span class=\"elementor-price-list-title\">\n\t\t\t\t\t\t\tNapomena\t\t\t\t\t\t<\/span>\n\t\t\t\t\t\t\t\t\t\t\t\t\t\t\t\t\t\t<span class=\"elementor-price-list-separator\"><\/span>\n\t\t\t\t\t\t\t\t\t\t\t\t\t\t\t\t<\/div>\n\t\t\t\t\t\t\t\t\t\t\t\t\t\t\t<p class=\"elementor-price-list-description\">\n\t\t\t\t\t\t\t*Autori prihva\u0107enih radova, CARNET koordinatori i sistem in\u017eenjeri, administratori imenika i resursa, administratori e-Dnevnika te voditelji \u017eupanijskih stru\u010dnih vije\u0107a vi\u0161e <b>ne ostvaruju<\/b> dodatne popuste na kotizacije.<br><br>\n\n**CARNET kroz svoje projekte osigurava subvenciju dijelu sudionika. U sklopu BrAIn projekta CARNET \u0107e osigurati 100 % subvencioniran smje\u0161taj i organizirani prijevoz te kotizaciju. S obzirom na to da nedolazak ili nepravovremena odjava nije projektno priznati tro\u0161ak, CARNET \u0107e ustanovi sudionika naplatiti tro\u0161ak nedolaska ili nepravovremenog otkaza. <b>Pravovremenim otkazom smatra se otkaz do 1. 4. 2025. u 20 sati.<\/b>\nPozvani sudionici prijavu ispunjavaju isklju\u010divo kori\u0161tenjem AAI@EduHr identiteta te uz prijavu moraju odabrati smje\u0161taj ako ga trebaju, jer \u0107e se <b>u suprotnom smatrati da smje\u0161taj nije potreban.<\/b>\n\nZa osobe kojima je smje\u0161taj osiguran kroz projekt BrAIn, iskazana cijena smje\u0161taja na ovim stranicama, <b>bit \u0107e ispravljena u ponudi koju \u0107e zaprimiti od agencije.<\/b>\n\n\t\t\t\t\t\t<\/p>\n\t\t\t\t\t\t\t\t<\/div>\n\t\t\t\t<\/a><\/li>\t\t\t\t\t\n\t\t<\/ul>\n\n\t\t\t\t\t\t<\/div>\n\t\t\t\t<\/div>\n\t\t\t\t\t<\/div>\n\t\t\t\t<\/div>\n\t\t\t\t<\/div>\n\t\t","protected":false},"excerpt":{"rendered":"<p>Komercijalna kotizacija 570,00\u20ac Uklju\u010duje program konferencije, ve\u010dere i pauze za kavu. Ne uklju\u010duje tro\u0161kove smje\u0161taja i prijevoza Komercijalna mini kotizacija 500,00\u20ac Uklju\u010duje program konferencije i pauze za kavu. Ne uklju\u010duje tro\u0161kove ve\u010dera, smje\u0161taja i prijevoza Edu kotizacija* 150,00\u20ac Dostupna samo zaposlenicima ustanova iz sustava MZOM. Uklju\u010duje program konferencije, ve\u010dere i pauze za kavu. Ne uklju\u010duje [&hellip;]<\/p>\n","protected":false},"author":1,"featured_media":0,"parent":0,"menu_order":0,"comment_status":"closed","ping_status":"closed","template":"","meta":{"footnotes":""},"class_list":["post-216","page","type-page","status-publish","hentry"],"_links":{"self":[{"href":"https:\/\/cuc.carnet.hr\/2025\/wp-json\/wp\/v2\/pages\/216","targetHints":{"allow":["GET"]}}],"collection":[{"href":"https:\/\/cuc.carnet.hr\/2025\/wp-json\/wp\/v2\/pages"}],"about":[{"href":"https:\/\/cuc.carnet.hr\/2025\/wp-json\/wp\/v2\/types\/page"}],"author":[{"embeddable":true,"href":"https:\/\/cuc.carnet.hr\/2025\/wp-json\/wp\/v2\/users\/1"}],"replies":[{"embeddable":true,"href":"https:\/\/cuc.carnet.hr\/2025\/wp-json\/wp\/v2\/comments?post=216"}],"version-history":[{"count":23,"href":"https:\/\/cuc.carnet.hr\/2025\/wp-json\/wp\/v2\/pages\/216\/revisions"}],"predecessor-version":[{"id":985,"href":"https:\/\/cuc.carnet.hr\/2025\/wp-json\/wp\/v2\/pages\/216\/revisions\/985"}],"wp:attachment":[{"href":"https:\/\/cuc.carnet.hr\/2025\/wp-json\/wp\/v2\/media?parent=216"}],"curies":[{"name":"wp","href":"https:\/\/api.w.org\/{rel}","templated":true}]}}