{"id":961,"date":"2024-03-05T13:25:03","date_gmt":"2024-03-05T12:25:03","guid":{"rendered":"https:\/\/cuc.carnet.hr\/2024\/?page_id=961"},"modified":"2024-03-06T17:04:45","modified_gmt":"2024-03-06T16:04:45","slug":"lokacija-i-smjestaj","status":"publish","type":"page","link":"https:\/\/cuc.carnet.hr\/2024\/lokacija-i-smjestaj\/","title":{"rendered":"Lokacija i smje\u0161taj"},"content":{"rendered":"\t\t<div data-elementor-type=\"wp-page\" data-elementor-id=\"961\" class=\"elementor elementor-961\" data-elementor-post-type=\"page\">\n\t\t\t\t<div class=\"elementor-element elementor-element-0403378 e-flex e-con-boxed e-con e-parent\" data-id=\"0403378\" data-element_type=\"container\" data-core-v316-plus=\"true\">\n\t\t\t\t\t<div class=\"e-con-inner\">\n\t\t\t\t<div class=\"elementor-element elementor-element-b1fc6d8 elementor-widget elementor-widget-spacer\" data-id=\"b1fc6d8\" data-element_type=\"widget\" data-widget_type=\"spacer.default\">\n\t\t\t\t<div class=\"elementor-widget-container\">\n\t\t\t<style>\/*! elementor - v3.20.0 - 26-03-2024 *\/\n.elementor-column .elementor-spacer-inner{height:var(--spacer-size)}.e-con{--container-widget-width:100%}.e-con-inner>.elementor-widget-spacer,.e-con>.elementor-widget-spacer{width:var(--container-widget-width,var(--spacer-size));--align-self:var(--container-widget-align-self,initial);--flex-shrink:0}.e-con-inner>.elementor-widget-spacer>.elementor-widget-container,.e-con>.elementor-widget-spacer>.elementor-widget-container{height:100%;width:100%}.e-con-inner>.elementor-widget-spacer>.elementor-widget-container>.elementor-spacer,.e-con>.elementor-widget-spacer>.elementor-widget-container>.elementor-spacer{height:100%}.e-con-inner>.elementor-widget-spacer>.elementor-widget-container>.elementor-spacer>.elementor-spacer-inner,.e-con>.elementor-widget-spacer>.elementor-widget-container>.elementor-spacer>.elementor-spacer-inner{height:var(--container-widget-height,var(--spacer-size))}.e-con-inner>.elementor-widget-spacer.elementor-widget-empty,.e-con>.elementor-widget-spacer.elementor-widget-empty{position:relative;min-height:22px;min-width:22px}.e-con-inner>.elementor-widget-spacer.elementor-widget-empty .elementor-widget-empty-icon,.e-con>.elementor-widget-spacer.elementor-widget-empty .elementor-widget-empty-icon{position:absolute;top:0;bottom:0;left:0;right:0;margin:auto;padding:0;width:22px;height:22px}<\/style>\t\t<div class=\"elementor-spacer\">\n\t\t\t<div class=\"elementor-spacer-inner\"><\/div>\n\t\t<\/div>\n\t\t\t\t<\/div>\n\t\t\t\t<\/div>\n\t\t\t\t\t<\/div>\n\t\t\t\t<\/div>\n\t\t<div class=\"elementor-element elementor-element-a79e029 e-flex e-con-boxed e-con e-parent\" data-id=\"a79e029\" data-element_type=\"container\" data-core-v316-plus=\"true\">\n\t\t\t\t\t<div class=\"e-con-inner\">\n\t\t<div class=\"elementor-element elementor-element-91816f2 e-con-full e-flex e-con e-child\" data-id=\"91816f2\" data-element_type=\"container\">\n\t\t\t\t<div class=\"elementor-element elementor-element-192bc2e elementor-widget__width-inherit elementor-widget elementor-widget-image\" data-id=\"192bc2e\" data-element_type=\"widget\" data-widget_type=\"image.default\">\n\t\t\t\t<div class=\"elementor-widget-container\">\n\t\t\t<style>\/*! elementor - v3.20.0 - 26-03-2024 *\/\n.elementor-widget-image{text-align:center}.elementor-widget-image a{display:inline-block}.elementor-widget-image a img[src$=\".svg\"]{width:48px}.elementor-widget-image img{vertical-align:middle;display:inline-block}<\/style>\t\t\t\t\t\t\t\t\t\t<img fetchpriority=\"high\" decoding=\"async\" width=\"800\" height=\"466\" src=\"https:\/\/cuc.carnet.hr\/2024\/wp-content\/uploads\/2024\/03\/M16_015_00028_pty6bu-e1709643566252-1024x596.webp\" class=\"attachment-large size-large wp-image-991\" alt=\"\" srcset=\"https:\/\/cuc.carnet.hr\/2024\/wp-content\/uploads\/2024\/03\/M16_015_00028_pty6bu-e1709643566252-1024x596.webp 1024w, https:\/\/cuc.carnet.hr\/2024\/wp-content\/uploads\/2024\/03\/M16_015_00028_pty6bu-e1709643566252-300x175.webp 300w, https:\/\/cuc.carnet.hr\/2024\/wp-content\/uploads\/2024\/03\/M16_015_00028_pty6bu-e1709643566252-768x447.webp 768w, https:\/\/cuc.carnet.hr\/2024\/wp-content\/uploads\/2024\/03\/M16_015_00028_pty6bu-e1709643566252.webp 1099w\" sizes=\"(max-width: 800px) 100vw, 800px\" \/>\t\t\t\t\t\t\t\t\t\t\t\t\t<\/div>\n\t\t\t\t<\/div>\n\t\t\t\t<\/div>\n\t\t<div class=\"elementor-element elementor-element-3cabb01 e-con-full e-flex e-con e-child\" data-id=\"3cabb01\" data-element_type=\"container\">\n\t\t<div class=\"elementor-element elementor-element-97df827 e-flex e-con-boxed e-con e-child\" data-id=\"97df827\" data-element_type=\"container\">\n\t\t\t\t\t<div class=\"e-con-inner\">\n\t\t<div class=\"elementor-element elementor-element-605f5c9 e-flex e-con-boxed e-con e-child\" data-id=\"605f5c9\" data-element_type=\"container\">\n\t\t\t\t\t<div class=\"e-con-inner\">\n\t\t\t\t<div class=\"elementor-element elementor-element-55c6a3e elementor-widget elementor-widget-heading\" data-id=\"55c6a3e\" data-element_type=\"widget\" data-widget_type=\"heading.default\">\n\t\t\t\t<div class=\"elementor-widget-container\">\n\t\t\t<style>\/*! elementor - v3.20.0 - 26-03-2024 *\/\n.elementor-heading-title{padding:0;margin:0;line-height:1}.elementor-widget-heading .elementor-heading-title[class*=elementor-size-]>a{color:inherit;font-size:inherit;line-height:inherit}.elementor-widget-heading .elementor-heading-title.elementor-size-small{font-size:15px}.elementor-widget-heading .elementor-heading-title.elementor-size-medium{font-size:19px}.elementor-widget-heading .elementor-heading-title.elementor-size-large{font-size:29px}.elementor-widget-heading .elementor-heading-title.elementor-size-xl{font-size:39px}.elementor-widget-heading .elementor-heading-title.elementor-size-xxl{font-size:59px}<\/style><h5 class=\"elementor-heading-title elementor-size-default\">Kongresni prostor<\/h5>\t\t<\/div>\n\t\t\t\t<\/div>\n\t\t\t\t\t<\/div>\n\t\t\t\t<\/div>\n\t\t\t\t\t<\/div>\n\t\t\t\t<\/div>\n\t\t<div class=\"elementor-element elementor-element-3067e53 e-flex e-con-boxed e-con e-child\" data-id=\"3067e53\" data-element_type=\"container\">\n\t\t\t\t\t<div class=\"e-con-inner\">\n\t\t\t\t<div class=\"elementor-element elementor-element-dd9bddb elementor-widget elementor-widget-text-editor\" data-id=\"dd9bddb\" data-element_type=\"widget\" data-widget_type=\"text-editor.default\">\n\t\t\t\t<div class=\"elementor-widget-container\">\n\t\t\t<style>\/*! elementor - v3.20.0 - 26-03-2024 *\/\n.elementor-widget-text-editor.elementor-drop-cap-view-stacked .elementor-drop-cap{background-color:#69727d;color:#fff}.elementor-widget-text-editor.elementor-drop-cap-view-framed .elementor-drop-cap{color:#69727d;border:3px solid;background-color:transparent}.elementor-widget-text-editor:not(.elementor-drop-cap-view-default) .elementor-drop-cap{margin-top:8px}.elementor-widget-text-editor:not(.elementor-drop-cap-view-default) .elementor-drop-cap-letter{width:1em;height:1em}.elementor-widget-text-editor .elementor-drop-cap{float:left;text-align:center;line-height:1;font-size:50px}.elementor-widget-text-editor .elementor-drop-cap-letter{display:inline-block}<\/style>\t\t\t\t<p>Hotel Lone je dizajnerski hotel u kojem svaki detalj podsje\u0107a na muzej suvremene umjetnosti pa sudionike osvaja modernisti\u010dkim pristupom i suvremenom elegancijom.\u00a0<\/p><p>Hotel Eden jedinstveni je hotel sa \u0161armantnim ugo\u0111ajem, smje\u0161ten u uvali Lone i hladovini mirisne park-\u0161ume Zlatni rt.\u00a0<\/p><p>Opremljeni su velikim vi\u0161enamjenskim dvoranama uronjenim u harmoniju \u0161ume i mora.\u00a0<\/p>\t\t\t\t\t\t<\/div>\n\t\t\t\t<\/div>\n\t\t\t\t\t<\/div>\n\t\t\t\t<\/div>\n\t\t\t\t<\/div>\n\t\t\t\t\t<\/div>\n\t\t\t\t<\/div>\n\t\t<div class=\"elementor-element elementor-element-894a866 e-flex e-con-boxed e-con e-parent\" data-id=\"894a866\" data-element_type=\"container\" data-core-v316-plus=\"true\">\n\t\t\t\t\t<div class=\"e-con-inner\">\n\t\t\t\t<div class=\"elementor-element elementor-element-c958e5a elementor-widget elementor-widget-spacer\" data-id=\"c958e5a\" data-element_type=\"widget\" data-widget_type=\"spacer.default\">\n\t\t\t\t<div class=\"elementor-widget-container\">\n\t\t\t\t\t<div class=\"elementor-spacer\">\n\t\t\t<div class=\"elementor-spacer-inner\"><\/div>\n\t\t<\/div>\n\t\t\t\t<\/div>\n\t\t\t\t<\/div>\n\t\t\t\t\t<\/div>\n\t\t\t\t<\/div>\n\t\t<div class=\"elementor-element elementor-element-0fa44db e-flex e-con-boxed e-con e-parent\" data-id=\"0fa44db\" data-element_type=\"container\" data-core-v316-plus=\"true\">\n\t\t\t\t\t<div class=\"e-con-inner\">\n\t\t<div class=\"elementor-element elementor-element-55f1cba e-con-full e-flex e-con e-child\" data-id=\"55f1cba\" data-element_type=\"container\">\n\t\t<div class=\"elementor-element elementor-element-18d8737 e-flex e-con-boxed e-con e-child\" data-id=\"18d8737\" data-element_type=\"container\">\n\t\t\t\t\t<div class=\"e-con-inner\">\n\t\t\t\t<div class=\"elementor-element elementor-element-d036d6b elementor-widget elementor-widget-image\" data-id=\"d036d6b\" data-element_type=\"widget\" data-widget_type=\"image.default\">\n\t\t\t\t<div class=\"elementor-widget-container\">\n\t\t\t\t\t\t\t\t\t\t\t\t\t<img decoding=\"async\" width=\"800\" height=\"421\" src=\"https:\/\/cuc.carnet.hr\/2024\/wp-content\/uploads\/2024\/03\/1-1024x539.png\" class=\"attachment-large size-large wp-image-971\" alt=\"\" srcset=\"https:\/\/cuc.carnet.hr\/2024\/wp-content\/uploads\/2024\/03\/1-1024x539.png 1024w, https:\/\/cuc.carnet.hr\/2024\/wp-content\/uploads\/2024\/03\/1-300x158.png 300w, https:\/\/cuc.carnet.hr\/2024\/wp-content\/uploads\/2024\/03\/1-768x404.png 768w, https:\/\/cuc.carnet.hr\/2024\/wp-content\/uploads\/2024\/03\/1-1536x808.png 1536w, https:\/\/cuc.carnet.hr\/2024\/wp-content\/uploads\/2024\/03\/1.png 1900w\" sizes=\"(max-width: 800px) 100vw, 800px\" \/>\t\t\t\t\t\t\t\t\t\t\t\t\t<\/div>\n\t\t\t\t<\/div>\n\t\t\t\t<div class=\"elementor-element elementor-element-6732499 elementor-widget elementor-widget-heading\" data-id=\"6732499\" data-element_type=\"widget\" data-widget_type=\"heading.default\">\n\t\t\t\t<div class=\"elementor-widget-container\">\n\t\t\t<h4 class=\"elementor-heading-title elementor-size-default\">Hotel Lone<\/h4>\t\t<\/div>\n\t\t\t\t<\/div>\n\t\t\t\t<div class=\"elementor-element elementor-element-1c2a2bb elementor-widget elementor-widget-text-editor\" data-id=\"1c2a2bb\" data-element_type=\"widget\" data-widget_type=\"text-editor.default\">\n\t\t\t\t<div class=\"elementor-widget-container\">\n\t\t\t\t\t\t\t<p>Jednokrevetna soba (Cijena smje\u0161taja uklju\u010duje boravi\u0161nu pristojbu)<\/p><p>180,00 EUR<\/p><p>Dvokrevetna soba po osobi (Cijena smje\u0161taja uklju\u010duje boravi\u0161nu pristojbu)<\/p><p>108,00 EUR<\/p><p><strong>NAPOMENA<\/strong>:\u00a0<\/p><p>Samo za rezervacije od 16. 4. \u2013 19. 4. 2024. (minimalno 3 no\u0107enja)<\/p><p><span style=\"caret-color: #000000; color: #000000; font-family: 'Open Sans', system-ui, -apple-system, BlinkMacSystemFont, 'Segoe UI', Roboto, 'Helvetica Neue', Arial, 'Noto Sans', sans-serif, 'Apple Color Emoji', 'Segoe UI Emoji', 'Segoe UI Symbol', 'Noto Color Emoji'; font-size: medium; font-weight: bold;\">Cijena je izra\u017eena po osobi i danu na bazi polupansiona.<\/span><\/p>\t\t\t\t\t\t<\/div>\n\t\t\t\t<\/div>\n\t\t\t\t\t<\/div>\n\t\t\t\t<\/div>\n\t\t\t\t<\/div>\n\t\t<div class=\"elementor-element elementor-element-fe01714 e-con-full e-flex e-con e-child\" data-id=\"fe01714\" data-element_type=\"container\">\n\t\t<div class=\"elementor-element elementor-element-c2e342d e-flex e-con-boxed e-con e-child\" data-id=\"c2e342d\" data-element_type=\"container\">\n\t\t\t\t\t<div class=\"e-con-inner\">\n\t\t\t\t<div class=\"elementor-element elementor-element-b237fc9 elementor-widget elementor-widget-image\" data-id=\"b237fc9\" data-element_type=\"widget\" data-widget_type=\"image.default\">\n\t\t\t\t<div class=\"elementor-widget-container\">\n\t\t\t\t\t\t\t\t\t\t\t\t\t<img decoding=\"async\" width=\"800\" height=\"421\" src=\"https:\/\/cuc.carnet.hr\/2024\/wp-content\/uploads\/2024\/03\/2-1024x539.png\" class=\"attachment-large size-large wp-image-973\" alt=\"\" srcset=\"https:\/\/cuc.carnet.hr\/2024\/wp-content\/uploads\/2024\/03\/2-1024x539.png 1024w, https:\/\/cuc.carnet.hr\/2024\/wp-content\/uploads\/2024\/03\/2-300x158.png 300w, https:\/\/cuc.carnet.hr\/2024\/wp-content\/uploads\/2024\/03\/2-768x404.png 768w, https:\/\/cuc.carnet.hr\/2024\/wp-content\/uploads\/2024\/03\/2-1536x808.png 1536w, https:\/\/cuc.carnet.hr\/2024\/wp-content\/uploads\/2024\/03\/2.png 1900w\" sizes=\"(max-width: 800px) 100vw, 800px\" \/>\t\t\t\t\t\t\t\t\t\t\t\t\t<\/div>\n\t\t\t\t<\/div>\n\t\t\t\t<div class=\"elementor-element elementor-element-d1a5da5 elementor-widget elementor-widget-heading\" data-id=\"d1a5da5\" data-element_type=\"widget\" data-widget_type=\"heading.default\">\n\t\t\t\t<div class=\"elementor-widget-container\">\n\t\t\t<h4 class=\"elementor-heading-title elementor-size-default\">Hotel Eden\n\n<\/h4>\t\t<\/div>\n\t\t\t\t<\/div>\n\t\t\t\t<div class=\"elementor-element elementor-element-75a70da elementor-widget elementor-widget-text-editor\" data-id=\"75a70da\" data-element_type=\"widget\" data-widget_type=\"text-editor.default\">\n\t\t\t\t<div class=\"elementor-widget-container\">\n\t\t\t\t\t\t\t<p>Jednokrevetna soba (Cijena smje\u0161taja uklju\u010duje boravi\u0161nu pristojbu)<\/p><p>180,00 EUR<\/p><p>Dvokrevetna soba po osobi (Cijena smje\u0161taja uklju\u010duje boravi\u0161nu pristojbu)<\/p><p>108,00 EUR<\/p><p><span style=\"caret-color: #000000; color: #000000; font-family: 'Open Sans', system-ui, -apple-system, BlinkMacSystemFont, 'Segoe UI', Roboto, 'Helvetica Neue', Arial, 'Noto Sans', sans-serif, 'Apple Color Emoji', 'Segoe UI Emoji', 'Segoe UI Symbol', 'Noto Color Emoji'; font-size: medium; font-weight: bold;\">Cijena je izra\u017eena po osobi i danu na bazi polupansiona.<\/span><\/p>\t\t\t\t\t\t<\/div>\n\t\t\t\t<\/div>\n\t\t\t\t\t<\/div>\n\t\t\t\t<\/div>\n\t\t\t\t<\/div>\n\t\t<div class=\"elementor-element elementor-element-b3d1523 e-con-full e-flex e-con e-child\" data-id=\"b3d1523\" data-element_type=\"container\">\n\t\t<div class=\"elementor-element elementor-element-5ce76bf e-flex e-con-boxed e-con e-child\" data-id=\"5ce76bf\" data-element_type=\"container\">\n\t\t\t\t\t<div class=\"e-con-inner\">\n\t\t\t\t<div class=\"elementor-element elementor-element-9f55e9e elementor-widget elementor-widget-image\" data-id=\"9f55e9e\" data-element_type=\"widget\" data-widget_type=\"image.default\">\n\t\t\t\t<div class=\"elementor-widget-container\">\n\t\t\t\t\t\t\t\t\t\t\t\t\t<img loading=\"lazy\" decoding=\"async\" width=\"800\" height=\"421\" src=\"https:\/\/cuc.carnet.hr\/2024\/wp-content\/uploads\/2024\/03\/4-1024x539.png\" class=\"attachment-large size-large wp-image-969\" alt=\"\" srcset=\"https:\/\/cuc.carnet.hr\/2024\/wp-content\/uploads\/2024\/03\/4-1024x539.png 1024w, https:\/\/cuc.carnet.hr\/2024\/wp-content\/uploads\/2024\/03\/4-300x158.png 300w, https:\/\/cuc.carnet.hr\/2024\/wp-content\/uploads\/2024\/03\/4-768x404.png 768w, https:\/\/cuc.carnet.hr\/2024\/wp-content\/uploads\/2024\/03\/4-1536x808.png 1536w, https:\/\/cuc.carnet.hr\/2024\/wp-content\/uploads\/2024\/03\/4.png 1900w\" sizes=\"(max-width: 800px) 100vw, 800px\" \/>\t\t\t\t\t\t\t\t\t\t\t\t\t<\/div>\n\t\t\t\t<\/div>\n\t\t\t\t<div class=\"elementor-element elementor-element-b2b1191 elementor-widget elementor-widget-heading\" data-id=\"b2b1191\" data-element_type=\"widget\" data-widget_type=\"heading.default\">\n\t\t\t\t<div class=\"elementor-widget-container\">\n\t\t\t<h4 class=\"elementor-heading-title elementor-size-default\">Resort Amarin<\/h4>\t\t<\/div>\n\t\t\t\t<\/div>\n\t\t\t\t<div class=\"elementor-element elementor-element-6f1c98f elementor-widget elementor-widget-text-editor\" data-id=\"6f1c98f\" data-element_type=\"widget\" data-widget_type=\"text-editor.default\">\n\t\t\t\t<div class=\"elementor-widget-container\">\n\t\t\t\t\t\t\t<p>Jednokrevetni apartman &#8211; Premium apartman (Cijena smje\u0161taja uklju\u010duje boravi\u0161nu pristojbu)<\/p><p>115,00 EUR<\/p><p>Dvokrevetni apartman po osobi &#8211; Premium apartman (Cijena smje\u0161taja uklju\u010duje boravi\u0161nu pristojbu)<\/p><p>75,00 EUR<\/p><p><strong>NAPOMENA<\/strong>:\u00a0<\/p><p>Za sudionike konferencije smje\u0161tene u Resortu Amarin bit \u0107e osiguran transfer za vrijeme konferencije po objavljenom rasporedu vo\u017enje.<\/p><p>Ve\u010dera je organizirana u restoranu Resorta Amarin.<\/p><p><span style=\"caret-color: #000000; color: #000000; font-family: 'Open Sans', system-ui, -apple-system, BlinkMacSystemFont, 'Segoe UI', Roboto, 'Helvetica Neue', Arial, 'Noto Sans', sans-serif, 'Apple Color Emoji', 'Segoe UI Emoji', 'Segoe UI Symbol', 'Noto Color Emoji'; font-size: medium; font-weight: bold;\">Cijena je izra\u017eena po osobi i danu na bazi polupansiona.<\/span><\/p>\t\t\t\t\t\t<\/div>\n\t\t\t\t<\/div>\n\t\t\t\t\t<\/div>\n\t\t\t\t<\/div>\n\t\t\t\t<\/div>\n\t\t<div class=\"elementor-element elementor-element-88d4a78 e-con-full e-flex e-con e-child\" data-id=\"88d4a78\" data-element_type=\"container\">\n\t\t<div class=\"elementor-element elementor-element-c034239 e-flex e-con-boxed e-con e-child\" data-id=\"c034239\" data-element_type=\"container\">\n\t\t\t\t\t<div class=\"e-con-inner\">\n\t\t\t\t<div class=\"elementor-element elementor-element-2dc9388 elementor-widget elementor-widget-image\" data-id=\"2dc9388\" data-element_type=\"widget\" data-widget_type=\"image.default\">\n\t\t\t\t<div class=\"elementor-widget-container\">\n\t\t\t\t\t\t\t\t\t\t\t\t\t<img loading=\"lazy\" decoding=\"async\" width=\"800\" height=\"421\" src=\"https:\/\/cuc.carnet.hr\/2024\/wp-content\/uploads\/2024\/03\/3-1024x539.png\" class=\"attachment-large size-large wp-image-967\" alt=\"\" srcset=\"https:\/\/cuc.carnet.hr\/2024\/wp-content\/uploads\/2024\/03\/3-1024x539.png 1024w, https:\/\/cuc.carnet.hr\/2024\/wp-content\/uploads\/2024\/03\/3-300x158.png 300w, https:\/\/cuc.carnet.hr\/2024\/wp-content\/uploads\/2024\/03\/3-768x404.png 768w, https:\/\/cuc.carnet.hr\/2024\/wp-content\/uploads\/2024\/03\/3-1536x808.png 1536w, https:\/\/cuc.carnet.hr\/2024\/wp-content\/uploads\/2024\/03\/3.png 1900w\" sizes=\"(max-width: 800px) 100vw, 800px\" \/>\t\t\t\t\t\t\t\t\t\t\t\t\t<\/div>\n\t\t\t\t<\/div>\n\t\t\t\t<div class=\"elementor-element elementor-element-de3b1e2 elementor-widget elementor-widget-heading\" data-id=\"de3b1e2\" data-element_type=\"widget\" data-widget_type=\"heading.default\">\n\t\t\t\t<div class=\"elementor-widget-container\">\n\t\t\t<h4 class=\"elementor-heading-title elementor-size-default\">Hotel Monte Mulini <\/h4>\t\t<\/div>\n\t\t\t\t<\/div>\n\t\t\t\t<div class=\"elementor-element elementor-element-805cf57 elementor-widget elementor-widget-text-editor\" data-id=\"805cf57\" data-element_type=\"widget\" data-widget_type=\"text-editor.default\">\n\t\t\t\t<div class=\"elementor-widget-container\">\n\t\t\t\t\t\t\t<p>Jednokrevetna soba (Cijena smje\u0161taja uklju\u010duje boravi\u0161nu pristojbu)<\/p>\n<p>235,00 EUR<\/p>\n<p>Dvokrevetna soba po osobi (Cijena smje\u0161taja uklju\u010duje boravi\u0161nu pristojbu)<\/p>\n<p>150,00 EUR<\/p><p><span style=\"caret-color: rgb(0, 0, 0); color: rgb(0, 0, 0); font-family: &quot;Open Sans&quot;, system-ui, -apple-system, BlinkMacSystemFont, &quot;Segoe UI&quot;, Roboto, &quot;Helvetica Neue&quot;, Arial, &quot;Noto Sans&quot;, sans-serif, &quot;Apple Color Emoji&quot;, &quot;Segoe UI Emoji&quot;, &quot;Segoe UI Symbol&quot;, &quot;Noto Color Emoji&quot;; font-size: medium; font-weight: 700;\">Cijena je izra\u017eena po osobi i danu na bazi polupansiona.<\/span><br><\/p>\t\t\t\t\t\t<\/div>\n\t\t\t\t<\/div>\n\t\t\t\t\t<\/div>\n\t\t\t\t<\/div>\n\t\t\t\t<\/div>\n\t\t\t\t\t<\/div>\n\t\t\t\t<\/div>\n\t\t\t\t<\/div>\n\t\t","protected":false},"excerpt":{"rendered":"<p>Kongresni prostor Hotel Lone je dizajnerski hotel u kojem svaki detalj podsje\u0107a na muzej suvremene umjetnosti pa sudionike osvaja modernisti\u010dkim pristupom i suvremenom elegancijom.\u00a0 Hotel Eden jedinstveni je hotel sa \u0161armantnim ugo\u0111ajem, smje\u0161ten u uvali Lone i hladovini mirisne park-\u0161ume Zlatni rt.\u00a0 Opremljeni su velikim vi\u0161enamjenskim dvoranama uronjenim u harmoniju \u0161ume i mora.\u00a0 Hotel Lone [&hellip;]<\/p>\n","protected":false},"author":1,"featured_media":0,"parent":0,"menu_order":0,"comment_status":"closed","ping_status":"closed","template":"","meta":{"footnotes":""},"class_list":["post-961","page","type-page","status-publish","hentry"],"_links":{"self":[{"href":"https:\/\/cuc.carnet.hr\/2024\/wp-json\/wp\/v2\/pages\/961","targetHints":{"allow":["GET"]}}],"collection":[{"href":"https:\/\/cuc.carnet.hr\/2024\/wp-json\/wp\/v2\/pages"}],"about":[{"href":"https:\/\/cuc.carnet.hr\/2024\/wp-json\/wp\/v2\/types\/page"}],"author":[{"embeddable":true,"href":"https:\/\/cuc.carnet.hr\/2024\/wp-json\/wp\/v2\/users\/1"}],"replies":[{"embeddable":true,"href":"https:\/\/cuc.carnet.hr\/2024\/wp-json\/wp\/v2\/comments?post=961"}],"version-history":[{"count":32,"href":"https:\/\/cuc.carnet.hr\/2024\/wp-json\/wp\/v2\/pages\/961\/revisions"}],"predecessor-version":[{"id":1685,"href":"https:\/\/cuc.carnet.hr\/2024\/wp-json\/wp\/v2\/pages\/961\/revisions\/1685"}],"wp:attachment":[{"href":"https:\/\/cuc.carnet.hr\/2024\/wp-json\/wp\/v2\/media?parent=961"}],"curies":[{"name":"wp","href":"https:\/\/api.w.org\/{rel}","templated":true}]}}