{"id":672,"date":"2024-01-30T10:38:26","date_gmt":"2024-01-30T09:38:26","guid":{"rendered":"https:\/\/cuc.carnet.hr\/2024\/?page_id=672"},"modified":"2024-01-30T10:38:27","modified_gmt":"2024-01-30T09:38:27","slug":"martina-silov","status":"publish","type":"page","link":"https:\/\/cuc.carnet.hr\/2024\/programski-odbor\/martina-silov\/","title":{"rendered":"Martina Silov"},"content":{"rendered":"\n<p>Martina, predsjednica CroAI i voditeljica partnerstava u Mindsmiths, poznata je po svojoj sposobnosti poticanja zna\u010dajnih suradnji u tehnolo\u0161kom ekosustavu. Pod njezinim vodstvom, CroAI je pokrenuo projekt Heroes, dosegnuv\u0161i preko 50 \u0161kola, anga\u017eirav\u0161i 50 mentora i inspirirav\u0161i vi\u0161e od 2500 u\u010denika pozitivnim pri\u010dama iz hrvatskog tehnolo\u0161kog sektora. <\/p>\n\n\n\n<p>Organizirala je brojne meetupe diljem Hrvatske s jasnim ciljem &#8211; educirati javnost o novim prilikama koje dolaze s umjetnom inteligencijom i pru\u017eiti informacije o samoj AI tehnologiji. Ti susreti nisu samo slu\u017eili kao forumi za razmjenu znanja, ve\u0107 i kao platforme za demistificiranje AI-a, \u010dine\u0107i ga dostupnim \u0161irem auditoriju. Osim toga, Martina je uspostavila specijalizirane zajednice u Zagrebu i potaknula suradnju s raznovrsnim dionicima, \u0161to je kulminiralo stvaranjem jedne od najdinami\u010dnijih tech zajednica u Europi. Ova zajednica privla\u010di ne samo in\u017eenjere, ve\u0107 i aktivno sudjelovanje od strane odgojitelja, umjetnika, novinara, kreativaca i zaljubljenika u tehnologiju.\u00a0<\/p>\n","protected":false},"excerpt":{"rendered":"<p>Martina, predsjednica CroAI i voditeljica partnerstava u Mindsmiths, poznata je po svojoj sposobnosti poticanja zna\u010dajnih suradnji u tehnolo\u0161kom ekosustavu. Pod njezinim vodstvom, CroAI je pokrenuo projekt Heroes, dosegnuv\u0161i preko 50 \u0161kola, anga\u017eirav\u0161i 50 mentora i inspirirav\u0161i vi\u0161e od 2500 u\u010denika pozitivnim pri\u010dama iz hrvatskog tehnolo\u0161kog sektora. Organizirala je brojne meetupe diljem Hrvatske s jasnim ciljem [&hellip;]<\/p>\n","protected":false},"author":3,"featured_media":0,"parent":556,"menu_order":0,"comment_status":"closed","ping_status":"closed","template":"","meta":{"footnotes":""},"class_list":["post-672","page","type-page","status-publish","hentry"],"_links":{"self":[{"href":"https:\/\/cuc.carnet.hr\/2024\/wp-json\/wp\/v2\/pages\/672","targetHints":{"allow":["GET"]}}],"collection":[{"href":"https:\/\/cuc.carnet.hr\/2024\/wp-json\/wp\/v2\/pages"}],"about":[{"href":"https:\/\/cuc.carnet.hr\/2024\/wp-json\/wp\/v2\/types\/page"}],"author":[{"embeddable":true,"href":"https:\/\/cuc.carnet.hr\/2024\/wp-json\/wp\/v2\/users\/3"}],"replies":[{"embeddable":true,"href":"https:\/\/cuc.carnet.hr\/2024\/wp-json\/wp\/v2\/comments?post=672"}],"version-history":[{"count":1,"href":"https:\/\/cuc.carnet.hr\/2024\/wp-json\/wp\/v2\/pages\/672\/revisions"}],"predecessor-version":[{"id":674,"href":"https:\/\/cuc.carnet.hr\/2024\/wp-json\/wp\/v2\/pages\/672\/revisions\/674"}],"up":[{"embeddable":true,"href":"https:\/\/cuc.carnet.hr\/2024\/wp-json\/wp\/v2\/pages\/556"}],"wp:attachment":[{"href":"https:\/\/cuc.carnet.hr\/2024\/wp-json\/wp\/v2\/media?parent=672"}],"curies":[{"name":"wp","href":"https:\/\/api.w.org\/{rel}","templated":true}]}}