{"id":597,"date":"2024-01-10T15:08:58","date_gmt":"2024-01-10T14:08:58","guid":{"rendered":"https:\/\/cuc.carnet.hr\/2024\/?page_id=597"},"modified":"2024-01-10T15:08:59","modified_gmt":"2024-01-10T14:08:59","slug":"ivan-trojan","status":"publish","type":"page","link":"https:\/\/cuc.carnet.hr\/2024\/programski-odbor\/ivan-trojan\/","title":{"rendered":"Ivan Trojan\u00a0"},"content":{"rendered":"\n<p>Ivan Trojan je ro\u0111en 25. o\u017eujka 1979. godine u Osijeku. Tijekom srednjo\u0161kolskog obrazovanja u Prirodoslovno-matemati\u010dkoj gimnaziji u Osijeku, zavr\u0161io je svih pet stupnjeva Govorni\u010dke \u0161kole Odsjeka za fonetiku Filozofskog fakulteta u Zagrebu. Studij Hrvatskog jezika i knji\u017eevnosti na Pedago\u0161kom fakultetu u Osijeku upisao je akademske godine 1997.\/98. te je od druge godine studija bio glavni urednik studentskog \u010dasopisa za knji\u017eevnost &#8220;Aleph&#8221; i voditelj Odjela za nakladni\u0161tvo u Matici hrvatskoj u Osijeku. Diplomirao je s izvrsnim uspjehom 2002. godine s temom Igra i slika u poeziji Bore Pavlovi\u0107a.&nbsp;<\/p>\n\n\n\n<p>Odmah po zadobivanju diplome, radio je kao vanjski suradnik na kolegijima Stilistika i Nova hrvatska knji\u017eevnost na Pedago\u0161kom fakultetu u Osijeku sve do odlaska na slu\u017eenje vojnog roka 2003. godine. Godine 2012. izabran je u znanstveno-nastavno zvanje docenta pri Filozofskom fakultetu Osijek. Vi\u0161i znanstveni suradnik je postao 2015. godine zadobiv\u0161i znanstveno zvanje nakon tri godine u zvanju znanstvenog suradnika po\u0161to je mati\u010dnom odboru prilo\u017eio vi\u0161e od dvostruko bodova za izbor koji zahtjeva redoviti postupak. Godine je 2017. izabran u znanstveno-nastavno zvanje izvanrednog profesora, a u sije\u010dnju 2023. u redovitog profesora. Koncem je 2019. godine utemeljio studentski Komorni teatar Filozofskog fakulteta u Osijeku. Od 1. lipnja 2021. godine dekan je Filozofskog fakulteta u Osijeku.<\/p>\n\n\n\n<p>Dobitnik nagrada za svoj znanstveni i stru\u010dni rad: Povelje uspje\u0161nosti Julija Bene\u0161i\u0107a u 2010. godini, Povelje Vukovarsko-srijemske \u017eupanije za izuzetna ostvarenja na podru\u010dju znanosti i kulture u 2016. godini te Povelje uspje\u0161nosti Josipa i Ivana Kozarca za knji\u017eevnu znanost u 2018. godini.<\/p>\n","protected":false},"excerpt":{"rendered":"<p>Ivan Trojan je ro\u0111en 25. o\u017eujka 1979. godine u Osijeku. Tijekom srednjo\u0161kolskog obrazovanja u Prirodoslovno-matemati\u010dkoj gimnaziji u Osijeku, zavr\u0161io je svih pet stupnjeva Govorni\u010dke \u0161kole Odsjeka za fonetiku Filozofskog fakulteta u Zagrebu. Studij Hrvatskog jezika i knji\u017eevnosti na Pedago\u0161kom fakultetu u Osijeku upisao je akademske godine 1997.\/98. te je od druge godine studija bio glavni [&hellip;]<\/p>\n","protected":false},"author":3,"featured_media":0,"parent":556,"menu_order":0,"comment_status":"closed","ping_status":"closed","template":"","meta":{"footnotes":""},"class_list":["post-597","page","type-page","status-publish","hentry"],"_links":{"self":[{"href":"https:\/\/cuc.carnet.hr\/2024\/wp-json\/wp\/v2\/pages\/597","targetHints":{"allow":["GET"]}}],"collection":[{"href":"https:\/\/cuc.carnet.hr\/2024\/wp-json\/wp\/v2\/pages"}],"about":[{"href":"https:\/\/cuc.carnet.hr\/2024\/wp-json\/wp\/v2\/types\/page"}],"author":[{"embeddable":true,"href":"https:\/\/cuc.carnet.hr\/2024\/wp-json\/wp\/v2\/users\/3"}],"replies":[{"embeddable":true,"href":"https:\/\/cuc.carnet.hr\/2024\/wp-json\/wp\/v2\/comments?post=597"}],"version-history":[{"count":1,"href":"https:\/\/cuc.carnet.hr\/2024\/wp-json\/wp\/v2\/pages\/597\/revisions"}],"predecessor-version":[{"id":598,"href":"https:\/\/cuc.carnet.hr\/2024\/wp-json\/wp\/v2\/pages\/597\/revisions\/598"}],"up":[{"embeddable":true,"href":"https:\/\/cuc.carnet.hr\/2024\/wp-json\/wp\/v2\/pages\/556"}],"wp:attachment":[{"href":"https:\/\/cuc.carnet.hr\/2024\/wp-json\/wp\/v2\/media?parent=597"}],"curies":[{"name":"wp","href":"https:\/\/api.w.org\/{rel}","templated":true}]}}