{"id":592,"date":"2024-01-10T15:06:01","date_gmt":"2024-01-10T14:06:01","guid":{"rendered":"https:\/\/cuc.carnet.hr\/2024\/?page_id=592"},"modified":"2024-01-10T15:06:02","modified_gmt":"2024-01-10T14:06:02","slug":"goran-skvarc","status":"publish","type":"page","link":"https:\/\/cuc.carnet.hr\/2024\/programski-odbor\/goran-skvarc\/","title":{"rendered":"Goran \u0160kvar\u010d"},"content":{"rendered":"\n<p>Goran \u0160kvar\u010d zaposlen je u CARNET-u kao pomo\u0107nik ravnatelja za me\u0111unarodnu suradnju. U 19 godina pro\u0161ao je poslove od stru\u010dnog suradnika, voditelja posebnih programa i projekata, voditelja poslovnih komunikacija i koordinatora me\u0111unarodne suradnje, pomo\u0107nika ravnatelja za podr\u0161ku obrazovanju te trenutno zamjenika voditelja projekta e-\u0160kole.<\/p>\n\n\n\n<p>Sudjeluje u radu CARNET-ove konferencije za korisnike od 2004. godine te je s vremenom pro\u0161ao sve poslove, od tajnika konferencije, voditelja organizacije, \u010dlana Programskog odbora i \u010detiri puta predsjednika Programskog odbora. Sudjelovao je u gotovo svim komunikacijskim projektima CARNET-a unatrag 15 godina, a brojne od njih je i vodio.<\/p>\n","protected":false},"excerpt":{"rendered":"<p>Goran \u0160kvar\u010d zaposlen je u CARNET-u kao pomo\u0107nik ravnatelja za me\u0111unarodnu suradnju. U 19 godina pro\u0161ao je poslove od stru\u010dnog suradnika, voditelja posebnih programa i projekata, voditelja poslovnih komunikacija i koordinatora me\u0111unarodne suradnje, pomo\u0107nika ravnatelja za podr\u0161ku obrazovanju te trenutno zamjenika voditelja projekta e-\u0160kole. Sudjeluje u radu CARNET-ove konferencije za korisnike od 2004. godine te [&hellip;]<\/p>\n","protected":false},"author":3,"featured_media":0,"parent":556,"menu_order":0,"comment_status":"closed","ping_status":"closed","template":"","meta":{"footnotes":""},"class_list":["post-592","page","type-page","status-publish","hentry"],"_links":{"self":[{"href":"https:\/\/cuc.carnet.hr\/2024\/wp-json\/wp\/v2\/pages\/592","targetHints":{"allow":["GET"]}}],"collection":[{"href":"https:\/\/cuc.carnet.hr\/2024\/wp-json\/wp\/v2\/pages"}],"about":[{"href":"https:\/\/cuc.carnet.hr\/2024\/wp-json\/wp\/v2\/types\/page"}],"author":[{"embeddable":true,"href":"https:\/\/cuc.carnet.hr\/2024\/wp-json\/wp\/v2\/users\/3"}],"replies":[{"embeddable":true,"href":"https:\/\/cuc.carnet.hr\/2024\/wp-json\/wp\/v2\/comments?post=592"}],"version-history":[{"count":1,"href":"https:\/\/cuc.carnet.hr\/2024\/wp-json\/wp\/v2\/pages\/592\/revisions"}],"predecessor-version":[{"id":593,"href":"https:\/\/cuc.carnet.hr\/2024\/wp-json\/wp\/v2\/pages\/592\/revisions\/593"}],"up":[{"embeddable":true,"href":"https:\/\/cuc.carnet.hr\/2024\/wp-json\/wp\/v2\/pages\/556"}],"wp:attachment":[{"href":"https:\/\/cuc.carnet.hr\/2024\/wp-json\/wp\/v2\/media?parent=592"}],"curies":[{"name":"wp","href":"https:\/\/api.w.org\/{rel}","templated":true}]}}