{"id":1095,"date":"2024-03-14T10:35:54","date_gmt":"2024-03-14T09:35:54","guid":{"rendered":"https:\/\/cuc.carnet.hr\/2024\/?page_id=1095"},"modified":"2024-03-14T10:38:29","modified_gmt":"2024-03-14T09:38:29","slug":"upute-za-ucitavanje-te-pripremu-i-odrzavanje-prezentacija","status":"publish","type":"page","link":"https:\/\/cuc.carnet.hr\/2024\/upute-za-ucitavanje-te-pripremu-i-odrzavanje-prezentacija\/","title":{"rendered":"Upute za u\u010ditavanje te pripremu i odr\u017eavanje prezentacija"},"content":{"rendered":"\n<p>Prezentacije je potrebno u\u010ditati u sustav <a href=\"https:\/\/radovi2022.cuc.carnet.hr\/author\/upload.php\"><strong>OpenConf <\/strong><\/a><strong>do nedjelje, 31. o\u017eujka 2024. godine do 23:59 sati.<\/strong><\/p>\n\n\n\n<p>Standardni format za prezentaciju je PowerPoint.<\/p>\n\n\n\n<p>Ako planirate koristiti neki drugi alat, prije izrade prezentacije javite se organizatoru i provjerite ho\u0107e li prikazivanje biti mogu\u0107e.&nbsp;<\/p>\n\n\n\n<p>Ograni\u010denje veli\u010dine datoteke je 100 MB. S obzirom na ovo ograni\u010denje, videa u\u010ditajte u oblak (npr. Google Drive, OneDrive, YouTube) i u prezentaciju dodajte poveznicu na video.&nbsp;<\/p>\n\n\n\n<p>\u017delite li tijekom prezentacije pokazati neki sadr\u017eaj s interneta, naro\u010dito ako je rije\u010d o multimedijalnim materijalima, provjerite s organizatorom mogu li se osigurati dodatni programski alati ili oprema koja bi za to mogla biti potrebna.&nbsp;<\/p>\n\n\n\n<p>Standardna ra\u010dunalna oprema uklju\u010duje: predava\u010dko ra\u010dunalo spojeno na internet, projektor, platno ili druga povr\u0161ina za projekciju, mi\u0161\/daljinski upravlja\u010d s pokaziva\u010dem.&nbsp;<\/p>\n\n\n\n<p>Prezentacije na konferenciji CUC se snimaju i prenose putem interneta.<\/p>\n\n\n\n<p>Isti\u010demo kako je preduvjet za uvr\u0161tavanje rada u program prijava na konferenciju barem jednog od autora\/ica.<\/p>\n\n\n\n<p><\/p>\n\n\n\n<h2 class=\"wp-block-heading\"><strong>Vrijeme predvi\u0111eno za prezentiranje<\/strong><\/h2>\n\n\n\n<p>Blok prezentacija traje 90 minuta. To \u0107e vrijeme biti ravnomjerno raspore\u0111eno na sve prezentacije u tom bloku.<\/p>\n\n\n\n<p>Stoga molimo sve autore radova da pripreme prezentacije i BoF diskusije odgovaraju\u0107e du\u017eine, u skladu s vremenom predvi\u0111enim za odre\u0111eni format:&nbsp;<\/p>\n\n\n\n<ul class=\"wp-block-list\">\n<li>za <em>interaktivno izlaganje<\/em> vrijeme predvi\u0111eno za prezentaciju je 15 minuta u formi razmjene ideja i interakcije sa sudionicima koji prisustvuju izlaganju<\/li>\n\n\n\n<li>vrijeme predvi\u0111eno za <em>radionicu<\/em> je do 90 minuta.<\/li>\n\n\n\n<li>vrijeme predvi\u0111eno za <em>BoF<\/em> je 45 ili 90 minuta<\/li>\n<\/ul>\n\n\n\n<p><\/p>\n\n\n\n<h2 class=\"wp-block-heading\"><strong>Planiranje sadr\u017eaja prezentacije<\/strong><\/h2>\n\n\n\n<p>Imajte na umu kako slu\u0161atelje umara nizanje sirovih podataka i kako \u017eele \u010duti pri\u010du, \u017eele biti uklju\u010deni u avanturu.<\/p>\n\n\n\n<p>Na po\u010detku, odgovorite sami sebi na pitanje: Koja je svrha moje prezentacije? Osim \u0161to \u017eelite prezentirati svoj rad, \u0161to je ono glavno \u0161to publici \u017eelite poru\u010diti? \u0160to bi publiku moglo zanimati? \u0160to je u Va\u0161em radu za publiku novo?&nbsp;<\/p>\n\n\n\n<p>Procijenite je li mogu\u0107e u predvi\u0111enom vremenu izlo\u017eiti sve \u0161to se Vama \u010dini va\u017enim. Ako je potrebno, odustanite od nekih dijelova sadr\u017eaja i usredoto\u010dite se na ono \u0161to je zaista va\u017eno i novo.&nbsp;<\/p>\n\n\n\n<p>Razvijte pri\u010du kako bi ju mogla pratiti publika koja je mo\u017eda tek op\u0107enito informirana o u\u017eem podru\u010dju kojim se bavite i koja ne poznaje sredinu u kojoj radite ili u kojoj ste proveli projekt ili istra\u017eivanje. Prema toj pri\u010di strukturirajte prezentaciju.&nbsp;<\/p>\n\n\n\n<p>Jedan od mogu\u0107ih redoslijeda izlaganja je onaj u kojem najprije opisujete okru\u017eenje u kojem ste proveli svoje istra\u017eivanje ili projekt, zatim prelazite na opis rezultata i na kraju prezentirate zaklju\u010dak. Poku\u0161ajte pri\u010du preslo\u017eiti na vi\u0161e razli\u010ditih na\u010dina i odaberite onaj koji smatrate naju\u010dinkovitijim.&nbsp;<\/p>\n\n\n\n<p>Bez obzira na redoslijed, pripazite da uvod ne bude preduga\u010dak, a da previ\u0161e va\u017enih napomena ne ostane za kraj.&nbsp;<\/p>\n\n\n\n<p>Odr\u017eite probnu prezentaciju za nekog dobronamjernog kriti\u010dara i provjerite njenu u\u010dinkovitost i trajanje.<\/p>\n\n\n\n<p><\/p>\n\n\n\n<h2 class=\"wp-block-heading\"><strong>Koraci za u\u010ditavanje prezentacije i konferencijskog rada<\/strong><\/h2>\n\n\n\n<p><strong>Poveznica za u\u010ditavanje prezentacija i konferencijskih radova u sustav OpenConf:<\/strong> <a href=\"https:\/\/radovi2024.cuc.carnet.hr\/\/author\/upload.php\">https:\/\/radovi2024.cuc.carnet.hr\/\/author\/upload.php<\/a><\/p>\n\n\n\n<ol class=\"wp-block-list\">\n<li>Datoteku \u0107ete u\u010ditati i format odabrati u odgovaraju\u0107em retku.&nbsp;<\/li>\n\n\n\n<li>Format prezentacije odaberite iz padaju\u0107eg izbornika \u201cFormatiraj\u201d\n<ul class=\"wp-block-list\">\n<li>dostupni formati su: .ppt, .pptx,.&nbsp;<\/li>\n\n\n\n<li>obavezno vodite ra\u010duna da je format prezentacije koju \u017eelite u\u010ditati jednak onom koji ste odabrali u padaju\u0107em izborniku \u201eFormatiraj\u201c<\/li>\n<\/ul>\n<\/li>\n\n\n\n<li>Odaberite opciju \u201eChoose File\u201c<\/li>\n\n\n\n<li>Odaberite \u201eUpload Files\u201c<\/li>\n<\/ol>\n\n\n\n<p><\/p>\n\n\n\n<h2 class=\"wp-block-heading\"><strong>Ako se prezentacija nije u\u010ditala<\/strong><\/h2>\n\n\n\n<p>Dva su naj\u010de\u0161\u0107a razloga zbog kojih se prezentacija ne u\u010ditava:<\/p>\n\n\n\n<ol class=\"wp-block-list\">\n<li>format prezentacije ili rada koji \u017eelite u\u010ditati nije jednak formatu iz izbornika \u201eFormatiraj\u201c<br>(primjerice, ako u\u010ditavate format .pptx iz padaju\u0107eg izbornika \u201cFormatiraj\u201d birajte isklju\u010divo .pptx.)<\/li>\n\n\n\n<li>prezentacija prekora\u010duje dopu\u0161tenu veli\u010dinu datoteke od 100MB (u ovom slu\u010daju, komprimirajte medijske zapise u prezentaciji).<\/li>\n<\/ol>\n\n\n\n<p>Ako i nakon ovih intervencija ne mo\u017eete u\u010ditati prezentaciju, poku\u0161ajte otvoriti poveznicu za u\u010ditavanje prezentacije u nekom drugom izborniku. Ako je i dalje ne mo\u017eete u\u010ditati, po\u0161aljite ju na e-adresu <strong>cuc@carnet.hr<\/strong> putem usluge FileSender dostupne na adresi <a href=\"https:\/\/filesender.srce.hr\/\">https:\/\/filesender.srce.hr\/<\/a>.<\/p>\n\n\n\n<p><\/p>\n\n\n\n<h2 class=\"wp-block-heading\"><strong>Smjernice za osiguravanje pristupa\u010dnosti<\/strong><\/h2>\n\n\n\n<p>Molimo sve izlaga\u010de\/ice da slijede sljede\u0107e smjernice u pripremi i izlaganju prezentacija za CUC konferenciju:<\/p>\n\n\n\n<ul class=\"wp-block-list\">\n<li>Molimo Vas da govorite polako i razgovijetno.<\/li>\n\n\n\n<li>Koristite jasne i jednostavne slike i grafi\u010dke prikaze, izbjegavajte sjene, tekstualne efekte, dinami\u010dne pozadine na slajdovima, pretrpane slajdove, niske kontraste boja u odnosu na pozadinu ili animacije.<\/li>\n\n\n\n<li>Pobrinite se da brojke budu vidljive osobama s nemogu\u0107no\u0161\u0107u raspoznavanja boja (na primjer kori\u0161tenjem besplatnih online simulatora).<\/li>\n\n\n\n<li>Koristite velike sans-serif fontove (ne manje od 30 pt) i ograni\u010dite tekst na 6 redaka po slajdu.<\/li>\n\n\n\n<li>Skre\u0107ite pozornost na va\u017ene elemente na prikazima verbalnim poja\u0161njenjima.<\/li>\n\n\n\n<li>Provjerite jesu li hiperveze jasne i nedvosmislene.<\/li>\n\n\n\n<li>Provjerite pravopis i gramatiku u prezentaciji.<\/li>\n<\/ul>\n\n\n\n<p>Prilikom vo\u0111enja rasprava, Q&amp;A rasprava, otvorenih izlaganja\/diskusija ili BoF sesija:<\/p>\n\n\n\n<ul class=\"wp-block-list\">\n<li>Molimo Vas osigurajte da svi imaju priliku podijeliti svoje ideje.<\/li>\n\n\n\n<li>Vodite ra\u010duna da se ljudi izmjenjuju kada govore i da ne govore istovremeno.<\/li>\n<\/ul>\n\n\n\n<p>Za vi\u0161e informacija pogledajte sljede\u0107e izvore koji su poslu\u017eili pri izradi gore navedenih smjernica:&nbsp;<\/p>\n\n\n\n<p><a href=\"https:\/\/sparcopen.org\/wp-content\/uploads\/2017\/07\/Diversity-Equity-and-Inclusion-Report-July-10-V1-Release.pdf\">https:\/\/sparcopen.org\/wp-content\/uploads\/2017\/07\/Diversity-Equity-and-Inclusion-Report-July-10-V1-Release.pdf<\/a><\/p>\n\n\n\n<p><a href=\"https:\/\/www.colemaninstitute.org\/inclusive-conference-presentation-guidelines\/\">https:\/\/www.colemaninstitute.org\/inclusive-conference-presentation-guidelines\/<\/a><\/p>\n\n\n\n<p><a href=\"https:\/\/www.w3.org\/WAI\/teach-advocate\/accessible-presentations\/\">https:\/\/www.w3.org\/WAI\/teach-advocate\/accessible-presentations\/<\/a><\/p>\n\n\n\n<p><a href=\"https:\/\/www.cscce.org\/2021\/02\/26\/prioritizing-accessibility-in-organizing-online-events\/\">https:\/\/www.cscce.org\/2021\/02\/26\/prioritizing-accessibility-in-organizing-online-events\/<\/a><\/p>\n\n\n\n<p><a href=\"https:\/\/www.nevadaddcouncil.org\/wp-content\/uploads\/2013\/10\/Accessible-Meetings-Presentations-and-Materials1.pdf\">https:\/\/www.nevadaddcouncil.org\/wp-content\/uploads\/2013\/10\/Accessible-Meetings-Presentations-and-Materials1.pdf<\/a><\/p>\n\n\n\n<p><a href=\"https:\/\/support.microsoft.com\/en-us\/office\/make-your-powerpoint-presentations-accessible-to-people-with-disabilities-6f7772b2-2f33-4bd2-8ca7-dae3b2b3ef25?ui=en-us&amp;rs=en-us&amp;ad=us\">https:\/\/support.microsoft.com\/en-us\/office\/make-your-powerpoint-presentations-accessible-to-people-with-disabilities-6f7772b2-2f33-4bd2-8ca7-dae3b2b3ef25?ui=en-us&amp;rs=en-us&amp;ad=us<\/a><\/p>\n\n\n\n<p><a href=\"https:\/\/www.colemaninstitute.org\/inclusive-conference-presentation-guidelines\/\">https:\/\/www.colemaninstitute.org\/inclusive-conference-presentation-guidelines\/<\/a><\/p>\n\n\n\n<p><a href=\"https:\/\/www.w3.org\/WAI\/teach-advocate\/accessible-presentations\/\">https:\/\/www.w3.org\/WAI\/teach-advocate\/accessible-presentations\/<\/a><\/p>\n\n\n\n<p><a href=\"https:\/\/www.cscce.org\/2021\/02\/26\/prioritizing-accessibility-in-organizing-online-events\/\">https:\/\/www.cscce.org\/2021\/02\/26\/prioritizing-accessibility-in-organizing-online-events\/<\/a><\/p>\n\n\n\n<p><a href=\"https:\/\/www.nevadaddcouncil.org\/wp-content\/uploads\/2013\/10\/Accessible-Meetings-Presentations-and-Materials1.pdf\">https:\/\/www.nevadaddcouncil.org\/wp-content\/uploads\/2013\/10\/Accessible-Meetings-Presentations-and-Materials1.pdf<\/a><\/p>\n\n\n\n<p><a href=\"https:\/\/support.microsoft.com\/en-us\/office\/make-your-powerpoint-presentations-accessible-to-people-with-disabilities-6f7772b2-2f33-4bd2-8ca7-dae3b2b3ef25?ui=en-us&amp;rs=en-us&amp;ad=us\">https:\/\/support.microsoft.com\/en-us\/office\/make-your-powerpoint-presentations-accessible-to-people-with-disabilities-6f7772b2-2f33-4bd2-8ca7-dae3b2b3ef25?ui=en-us&amp;rs=en-us&amp;ad=us<\/a><\/p>\n","protected":false},"excerpt":{"rendered":"<p>Prezentacije je potrebno u\u010ditati u sustav OpenConf do nedjelje, 31. o\u017eujka 2024. godine do 23:59 sati. Standardni format za prezentaciju je PowerPoint. Ako planirate koristiti neki drugi alat, prije izrade prezentacije javite se organizatoru i provjerite ho\u0107e li prikazivanje biti mogu\u0107e.&nbsp; Ograni\u010denje veli\u010dine datoteke je 100 MB. S obzirom na ovo ograni\u010denje, videa u\u010ditajte u [&hellip;]<\/p>\n","protected":false},"author":3,"featured_media":0,"parent":0,"menu_order":0,"comment_status":"closed","ping_status":"closed","template":"","meta":{"footnotes":""},"class_list":["post-1095","page","type-page","status-publish","hentry"],"_links":{"self":[{"href":"https:\/\/cuc.carnet.hr\/2024\/wp-json\/wp\/v2\/pages\/1095","targetHints":{"allow":["GET"]}}],"collection":[{"href":"https:\/\/cuc.carnet.hr\/2024\/wp-json\/wp\/v2\/pages"}],"about":[{"href":"https:\/\/cuc.carnet.hr\/2024\/wp-json\/wp\/v2\/types\/page"}],"author":[{"embeddable":true,"href":"https:\/\/cuc.carnet.hr\/2024\/wp-json\/wp\/v2\/users\/3"}],"replies":[{"embeddable":true,"href":"https:\/\/cuc.carnet.hr\/2024\/wp-json\/wp\/v2\/comments?post=1095"}],"version-history":[{"count":3,"href":"https:\/\/cuc.carnet.hr\/2024\/wp-json\/wp\/v2\/pages\/1095\/revisions"}],"predecessor-version":[{"id":1098,"href":"https:\/\/cuc.carnet.hr\/2024\/wp-json\/wp\/v2\/pages\/1095\/revisions\/1098"}],"wp:attachment":[{"href":"https:\/\/cuc.carnet.hr\/2024\/wp-json\/wp\/v2\/media?parent=1095"}],"curies":[{"name":"wp","href":"https:\/\/api.w.org\/{rel}","templated":true}]}}