{"id":994,"date":"2023-04-19T14:12:42","date_gmt":"2023-04-19T12:12:42","guid":{"rendered":"https:\/\/cuc.carnet.hr\/2023\/?page_id=994"},"modified":"2023-04-20T12:05:14","modified_gmt":"2023-04-20T10:05:14","slug":"ines-delzotto","status":"publish","type":"page","link":"https:\/\/cuc.carnet.hr\/2023\/ines-delzotto\/","title":{"rendered":"Ines Delzotto"},"content":{"rendered":"\t\t<div data-elementor-type=\"wp-page\" data-elementor-id=\"994\" class=\"elementor elementor-994\">\n\t\t\t\t\t\t\t\t\t<section class=\"elementor-section elementor-top-section elementor-element elementor-element-e09ebe8 elementor-section-boxed elementor-section-height-default elementor-section-height-default\" data-id=\"e09ebe8\" data-element_type=\"section\">\n\t\t\t\t\t\t<div class=\"elementor-container elementor-column-gap-default\">\n\t\t\t\t\t<div class=\"elementor-column elementor-col-100 elementor-top-column elementor-element elementor-element-c9a857a\" data-id=\"c9a857a\" data-element_type=\"column\">\n\t\t\t<div class=\"elementor-widget-wrap elementor-element-populated\">\n\t\t\t\t\t\t\t\t<div class=\"elementor-element elementor-element-6dc043d elementor-widget elementor-widget-heading\" data-id=\"6dc043d\" data-element_type=\"widget\" data-widget_type=\"heading.default\">\n\t\t\t\t<div class=\"elementor-widget-container\">\n\t\t\t<style>\/*! elementor - v3.12.0 - 29-03-2023 *\/\n.elementor-heading-title{padding:0;margin:0;line-height:1}.elementor-widget-heading .elementor-heading-title[class*=elementor-size-]>a{color:inherit;font-size:inherit;line-height:inherit}.elementor-widget-heading .elementor-heading-title.elementor-size-small{font-size:15px}.elementor-widget-heading .elementor-heading-title.elementor-size-medium{font-size:19px}.elementor-widget-heading .elementor-heading-title.elementor-size-large{font-size:29px}.elementor-widget-heading .elementor-heading-title.elementor-size-xl{font-size:39px}.elementor-widget-heading .elementor-heading-title.elementor-size-xxl{font-size:59px}<\/style><h2 class=\"elementor-heading-title elementor-size-default\">Ines Delzotto<\/h2>\t\t<\/div>\n\t\t\t\t<\/div>\n\t\t\t\t\t<\/div>\n\t\t<\/div>\n\t\t\t\t\t\t\t<\/div>\n\t\t<\/section>\n\t\t\t\t<section class=\"elementor-section elementor-top-section elementor-element elementor-element-8eb1966 elementor-section-boxed elementor-section-height-default elementor-section-height-default\" data-id=\"8eb1966\" data-element_type=\"section\">\n\t\t\t\t\t\t<div class=\"elementor-container elementor-column-gap-default\">\n\t\t\t\t\t<div class=\"elementor-column elementor-col-100 elementor-top-column elementor-element elementor-element-7d5b4d3\" data-id=\"7d5b4d3\" data-element_type=\"column\">\n\t\t\t<div class=\"elementor-widget-wrap elementor-element-populated\">\n\t\t\t\t\t\t\t\t<div class=\"elementor-element elementor-element-c1ae160 elementor-widget elementor-widget-text-editor\" data-id=\"c1ae160\" data-element_type=\"widget\" data-widget_type=\"text-editor.default\">\n\t\t\t\t<div class=\"elementor-widget-container\">\n\t\t\t<style>\/*! elementor - v3.12.0 - 29-03-2023 *\/\n.elementor-widget-text-editor.elementor-drop-cap-view-stacked .elementor-drop-cap{background-color:#69727d;color:#fff}.elementor-widget-text-editor.elementor-drop-cap-view-framed .elementor-drop-cap{color:#69727d;border:3px solid;background-color:transparent}.elementor-widget-text-editor:not(.elementor-drop-cap-view-default) .elementor-drop-cap{margin-top:8px}.elementor-widget-text-editor:not(.elementor-drop-cap-view-default) .elementor-drop-cap-letter{width:1em;height:1em}.elementor-widget-text-editor .elementor-drop-cap{float:left;text-align:center;line-height:1;font-size:50px}.elementor-widget-text-editor .elementor-drop-cap-letter{display:inline-block}<\/style>\t\t\t\t<p><span style=\"font-weight: 400;\">Ines Delzotto diplomirala je na Edukacijsko-rehabilitacijskom fakultetu (ERF) Sveu\u010dili\u0161ta u Zagrebu i radi kao magistra edukacijske rehabilitacije u Dnevnom centru za rehabilitaciju Veruda Pula gdje je osnovala prvi Kabinet za asistivnu tehnologiju u Hrvatskoj.<\/span><\/p><p><span style=\"font-weight: 400;\">Asistivnom tehnologijom bavi se 17 godina a stru\u010dnu specijalizaciju na podru\u010dju rehabilitacije putem asistivne tehnologije zavr\u0161ila je na Milanskom institutu za istra\u017eivanje i razvoj Santa Maria Nascente F. Don Carlo Gnocchi.<\/span><\/p><p><span style=\"font-weight: 400;\">Predstavnik je RH pri Europskom dru\u0161tvu za promicanje I razvoj asistivne tehnologije (AAATE- Assosiation for advancement of assistive technology in Europe) te\u00a0 ISAAC \u010dlanica (International society for Augmentative and Alternative Communication).<\/span><\/p><p><span style=\"font-weight: 400;\">U Kabinetu za AT obavlja procjene potreba za rehabilitacijom putem AT, rehabilitaciju korisnika te\u00a0 savjetovanje njihovih obitelji. Tako\u0111er, izniman trud ula\u017ee u edukaciju stru\u010dnjaka, razvoj novog instrumentarija te njihovu valutaciju uz mentoriranje novih kabineta diljem zemalja regije. Brojni projekti I suradnje rezultirali su prepoznatljivo\u0161\u0107u kabineta na me\u0111unarodnoj razini a najupe\u010datljivijhi je \u201cobla\u010denje\u201d javnih ustanova te javnih povr\u0161ina grada Pule u simbole za augmentativnu I alternativnu komunikaciju.\u00a0<\/span><\/p>\t\t\t\t\t\t<\/div>\n\t\t\t\t<\/div>\n\t\t\t\t\t<\/div>\n\t\t<\/div>\n\t\t\t\t\t\t\t<\/div>\n\t\t<\/section>\n\t\t\t\t<section class=\"elementor-section elementor-top-section elementor-element elementor-element-68e620f elementor-section-boxed elementor-section-height-default elementor-section-height-default\" data-id=\"68e620f\" data-element_type=\"section\">\n\t\t\t\t\t\t<div class=\"elementor-container elementor-column-gap-default\">\n\t\t\t\t\t<div class=\"elementor-column elementor-col-100 elementor-top-column elementor-element elementor-element-69dea3b\" data-id=\"69dea3b\" data-element_type=\"column\">\n\t\t\t<div class=\"elementor-widget-wrap elementor-element-populated\">\n\t\t\t\t\t\t\t\t<div class=\"elementor-element elementor-element-e1b694f elementor-widget elementor-widget-heading\" data-id=\"e1b694f\" data-element_type=\"widget\" data-widget_type=\"heading.default\">\n\t\t\t\t<div class=\"elementor-widget-container\">\n\t\t\t<h2 class=\"elementor-heading-title elementor-size-large\">Pisanje, \u010ditanje i ra\u010dunanje uz pomo\u0107 asistivne tehnologije<\/h2>\t\t<\/div>\n\t\t\t\t<\/div>\n\t\t\t\t\t<\/div>\n\t\t<\/div>\n\t\t\t\t\t\t\t<\/div>\n\t\t<\/section>\n\t\t\t\t<section class=\"elementor-section elementor-top-section elementor-element elementor-element-9c3319c elementor-section-boxed elementor-section-height-default elementor-section-height-default\" data-id=\"9c3319c\" data-element_type=\"section\">\n\t\t\t\t\t\t<div class=\"elementor-container elementor-column-gap-default\">\n\t\t\t\t\t<div class=\"elementor-column elementor-col-100 elementor-top-column elementor-element elementor-element-9dfb81c\" data-id=\"9dfb81c\" data-element_type=\"column\">\n\t\t\t<div class=\"elementor-widget-wrap elementor-element-populated\">\n\t\t\t\t\t\t\t\t<div class=\"elementor-element elementor-element-bc732af elementor-widget elementor-widget-text-editor\" data-id=\"bc732af\" data-element_type=\"widget\" data-widget_type=\"text-editor.default\">\n\t\t\t\t<div class=\"elementor-widget-container\">\n\t\t\t\t\t\t\t<p>\u010citanje, pisanje i ra\u010dunanje su fundamentalne vje\u0161tine u obrazovanju koje integriraju vi\u0161e osjetilnih sustava, motoriku te kognitivne sposobnosti istovremeno te kao takve nerijetko predstavljaju problem mnogim u\u010denicima sa te\u0161ko\u0107ama u razvoju.<\/p><p>Danas asistivna tehnologija ima krucijalnu ulogu u procesima podu\u010davanja\u00a0 i mo\u017ee pomo\u0107i u\u010denicima sa te\u0161ko\u0107ama da odgovore na izazove i ostvare akademski uspjeh. Ovo predavanje ima za cilj pru\u017eiti informacije i nova znanja uz pregled prakti\u010dnih rje\u0161enja, svim u\u010diteljima i njihovim stru\u010dnim suradnicima kako bi (sutra) mogli prepoznati potrebe svojih u\u010denika i osigurati im potrebnu podr\u0161ku.\u00a0<\/p>\t\t\t\t\t\t<\/div>\n\t\t\t\t<\/div>\n\t\t\t\t\t<\/div>\n\t\t<\/div>\n\t\t\t\t\t\t\t<\/div>\n\t\t<\/section>\n\t\t\t\t\t\t\t<\/div>\n\t\t","protected":false},"excerpt":{"rendered":"<p>Ines Delzotto Ines Delzotto diplomirala je na Edukacijsko-rehabilitacijskom fakultetu (ERF) Sveu\u010dili\u0161ta u Zagrebu i radi kao magistra edukacijske rehabilitacije u Dnevnom centru za rehabilitaciju Veruda Pula gdje je osnovala prvi Kabinet za asistivnu tehnologiju u Hrvatskoj. Asistivnom tehnologijom bavi se 17 godina a stru\u010dnu specijalizaciju na podru\u010dju rehabilitacije putem asistivne tehnologije zavr\u0161ila je na Milanskom [&hellip;]<\/p>\n","protected":false},"author":2,"featured_media":0,"parent":0,"menu_order":0,"comment_status":"closed","ping_status":"closed","template":"","meta":{"footnotes":""},"class_list":["post-994","page","type-page","status-publish","hentry"],"_links":{"self":[{"href":"https:\/\/cuc.carnet.hr\/2023\/wp-json\/wp\/v2\/pages\/994","targetHints":{"allow":["GET"]}}],"collection":[{"href":"https:\/\/cuc.carnet.hr\/2023\/wp-json\/wp\/v2\/pages"}],"about":[{"href":"https:\/\/cuc.carnet.hr\/2023\/wp-json\/wp\/v2\/types\/page"}],"author":[{"embeddable":true,"href":"https:\/\/cuc.carnet.hr\/2023\/wp-json\/wp\/v2\/users\/2"}],"replies":[{"embeddable":true,"href":"https:\/\/cuc.carnet.hr\/2023\/wp-json\/wp\/v2\/comments?post=994"}],"version-history":[{"count":13,"href":"https:\/\/cuc.carnet.hr\/2023\/wp-json\/wp\/v2\/pages\/994\/revisions"}],"predecessor-version":[{"id":1061,"href":"https:\/\/cuc.carnet.hr\/2023\/wp-json\/wp\/v2\/pages\/994\/revisions\/1061"}],"wp:attachment":[{"href":"https:\/\/cuc.carnet.hr\/2023\/wp-json\/wp\/v2\/media?parent=994"}],"curies":[{"name":"wp","href":"https:\/\/api.w.org\/{rel}","templated":true}]}}