{"id":97,"date":"2022-12-19T14:56:05","date_gmt":"2022-12-19T13:56:05","guid":{"rendered":"https:\/\/cuc.carnet.hr\/2023\/?page_id=97"},"modified":"2022-12-19T14:56:05","modified_gmt":"2022-12-19T13:56:05","slug":"darko-rakic","status":"publish","type":"page","link":"https:\/\/cuc.carnet.hr\/2023\/darko-rakic\/","title":{"rendered":"Darko Raki\u0107"},"content":{"rendered":"\n<p>Darko Raki\u0107 je zaposlen u Osnovnoj \u0161koli Popova\u010da kao u\u010ditelj savjetnik informatike. Od samog po\u010detka rada u \u0161koli, ali i prije, intenzivno se bavi prou\u010davanjem novih tehnologija i multimedije, posebice snimanja i monta\u017ee kratkih filmova.\u00a0 <\/p>\n\n\n\n<p>Tijekom posljednjih godina odr\u017eao je niz radionica, predavanja i webinara na \u017eupanijskoj i dr\u017eavnoj razini u organizaciji Agencije za odgoj i obrazovanje i\u00a0 Microsofta Hrvatska i CARNET-a koji se uglavnom ve\u017eu uz teme: Od ideje do filma, Digitalna fotografija, Kinect u obrazovanju, Sigurnost na internetu, Multimedija u nastavi itd\u2026\u00a0 Autor je nekoliko ud\u017ebenika i priru\u010dnika.<\/p>\n","protected":false},"excerpt":{"rendered":"<p>Darko Raki\u0107 je zaposlen u Osnovnoj \u0161koli Popova\u010da kao u\u010ditelj savjetnik informatike. Od samog po\u010detka rada u \u0161koli, ali i prije, intenzivno se bavi prou\u010davanjem novih tehnologija i multimedije, posebice snimanja i monta\u017ee kratkih filmova.\u00a0 Tijekom posljednjih godina odr\u017eao je niz radionica, predavanja i webinara na \u017eupanijskoj i dr\u017eavnoj razini u organizaciji Agencije za odgoj [&hellip;]<\/p>\n","protected":false},"author":2,"featured_media":0,"parent":0,"menu_order":0,"comment_status":"closed","ping_status":"closed","template":"","meta":{"footnotes":""},"class_list":["post-97","page","type-page","status-publish","hentry"],"_links":{"self":[{"href":"https:\/\/cuc.carnet.hr\/2023\/wp-json\/wp\/v2\/pages\/97","targetHints":{"allow":["GET"]}}],"collection":[{"href":"https:\/\/cuc.carnet.hr\/2023\/wp-json\/wp\/v2\/pages"}],"about":[{"href":"https:\/\/cuc.carnet.hr\/2023\/wp-json\/wp\/v2\/types\/page"}],"author":[{"embeddable":true,"href":"https:\/\/cuc.carnet.hr\/2023\/wp-json\/wp\/v2\/users\/2"}],"replies":[{"embeddable":true,"href":"https:\/\/cuc.carnet.hr\/2023\/wp-json\/wp\/v2\/comments?post=97"}],"version-history":[{"count":1,"href":"https:\/\/cuc.carnet.hr\/2023\/wp-json\/wp\/v2\/pages\/97\/revisions"}],"predecessor-version":[{"id":98,"href":"https:\/\/cuc.carnet.hr\/2023\/wp-json\/wp\/v2\/pages\/97\/revisions\/98"}],"wp:attachment":[{"href":"https:\/\/cuc.carnet.hr\/2023\/wp-json\/wp\/v2\/media?parent=97"}],"curies":[{"name":"wp","href":"https:\/\/api.w.org\/{rel}","templated":true}]}}