{"id":95,"date":"2022-12-19T14:38:14","date_gmt":"2022-12-19T13:38:14","guid":{"rendered":"https:\/\/cuc.carnet.hr\/2023\/?page_id=95"},"modified":"2022-12-19T14:38:14","modified_gmt":"2022-12-19T13:38:14","slug":"ana-sovic-krzic","status":"publish","type":"page","link":"https:\/\/cuc.carnet.hr\/2023\/ana-sovic-krzic\/","title":{"rendered":"Ana Sovi\u0107 Kr\u017ei\u0107"},"content":{"rendered":"\n<p>Ana Sovi\u0107 Kr\u017ei\u0107 izvanredni je profesor na Sveu\u010dili\u0161tu u Zagrebu Fakultetu elektrotehnike i ra\u010dunarstva (FER). Voditeljica je projekta \u201eTransformacija robota u edukacijsko sredstvo\u201c (Hrvatska zaklada za znanost), Erasmus+ projekata \u201eRoboGirls\u201c i \u201eRobotTheater\u201c te partner na Erasmus+ projektu \u201eSTEM in action\u201c. <\/p>\n\n\n\n<p>Objavila je vi\u0161e od 25 \u010dlanaka u \u010dasopisima i zbornicima s me\u0111unarodnih konferencija u podru\u010dju znanosti o podacima, e-u\u010denja i edukacijske robotike. Suvoditelj je programa popularizacije znanosti FER-a \u201e\u0160UZA \u2013 iz \u0161kole u znanost i akademsku zajednicu\u201c. Mentor je srednjo\u0161kolskim ekipama na me\u0111unarodnim i svjetskim roboti\u010dkim natjecanjima, izme\u0111u ostalog: FIRST GLOBAL Challenge (u \u010detvrtfinalu izme\u0111u 155 dr\u017eava svijeta, Mexico City 2018.) i World Robot Olympiad. <\/p>\n\n\n\n<p>Predsjednica je Hrvatskog roboti\u010dkog saveza. Nagra\u0111ena je Dr\u017eavnom nagradom za tehni\u010dku kulturu Faust Vran\u010di\u0107 2013. godine, nagradom FER-a \u201eRoberto Giannini\u201c za izvrsnost u nastavi i radu sa studentima 2018. godine, te Dr\u017eavnom nagradom za znanost 2019. godine.\u00a0<\/p>\n","protected":false},"excerpt":{"rendered":"<p>Ana Sovi\u0107 Kr\u017ei\u0107 izvanredni je profesor na Sveu\u010dili\u0161tu u Zagrebu Fakultetu elektrotehnike i ra\u010dunarstva (FER). Voditeljica je projekta \u201eTransformacija robota u edukacijsko sredstvo\u201c (Hrvatska zaklada za znanost), Erasmus+ projekata \u201eRoboGirls\u201c i \u201eRobotTheater\u201c te partner na Erasmus+ projektu \u201eSTEM in action\u201c. Objavila je vi\u0161e od 25 \u010dlanaka u \u010dasopisima i zbornicima s me\u0111unarodnih konferencija u podru\u010dju [&hellip;]<\/p>\n","protected":false},"author":2,"featured_media":0,"parent":0,"menu_order":0,"comment_status":"closed","ping_status":"closed","template":"","meta":{"footnotes":""},"class_list":["post-95","page","type-page","status-publish","hentry"],"_links":{"self":[{"href":"https:\/\/cuc.carnet.hr\/2023\/wp-json\/wp\/v2\/pages\/95","targetHints":{"allow":["GET"]}}],"collection":[{"href":"https:\/\/cuc.carnet.hr\/2023\/wp-json\/wp\/v2\/pages"}],"about":[{"href":"https:\/\/cuc.carnet.hr\/2023\/wp-json\/wp\/v2\/types\/page"}],"author":[{"embeddable":true,"href":"https:\/\/cuc.carnet.hr\/2023\/wp-json\/wp\/v2\/users\/2"}],"replies":[{"embeddable":true,"href":"https:\/\/cuc.carnet.hr\/2023\/wp-json\/wp\/v2\/comments?post=95"}],"version-history":[{"count":1,"href":"https:\/\/cuc.carnet.hr\/2023\/wp-json\/wp\/v2\/pages\/95\/revisions"}],"predecessor-version":[{"id":96,"href":"https:\/\/cuc.carnet.hr\/2023\/wp-json\/wp\/v2\/pages\/95\/revisions\/96"}],"wp:attachment":[{"href":"https:\/\/cuc.carnet.hr\/2023\/wp-json\/wp\/v2\/media?parent=95"}],"curies":[{"name":"wp","href":"https:\/\/api.w.org\/{rel}","templated":true}]}}

Ana Sović Kržić

<p>Ana Sović Kržić izvanredni je profesor na Sveučilištu u Zagrebu Fakultetu elektrotehnike i računarstva (FER). Voditeljica je projekta „Transformacija robota u edukacijsko sredstvo“ (Hrvatska zaklada za znanost), Erasmus+ projekata „RoboGirls“ i „RobotTheater“ te partner na Erasmus+ projektu „STEM in action“. </p>



<p>Objavila je više od 25 članaka u časopisima i zbornicima s međunarodnih konferencija u području znanosti o podacima, e-učenja i edukacijske robotike. Suvoditelj je programa popularizacije znanosti FER-a „ŠUZA – iz škole u znanost i akademsku zajednicu“. Mentor je srednjoškolskim ekipama na međunarodnim i svjetskim robotičkim natjecanjima, između ostalog: FIRST GLOBAL Challenge (u četvrtfinalu između 155 država svijeta, Mexico City 2018.) i World Robot Olympiad. </p>



<p>Predsjednica je Hrvatskog robotičkog saveza. Nagrađena je Državnom nagradom za tehničku kulturu Faust Vrančić 2013. godine, nagradom FER-a „Roberto Giannini“ za izvrsnost u nastavi i radu sa studentima 2018. godine, te Državnom nagradom za znanost 2019. godine. </p>

<p>Ana Sović Kržić izvanredni je profesor na Sveučilištu u Zagrebu Fakultetu elektrotehnike i računarstva (FER). Voditeljica je projekta „Transformacija robota u edukacijsko sredstvo“ (Hrvatska zaklada za znanost), Erasmus+ projekata „RoboGirls“ i „RobotTheater“ te partner na Erasmus+ projektu „STEM in action“. Objavila je više od 25 članaka u časopisima i zbornicima s međunarodnih konferencija u području [&hellip;]</p>
