{"id":90,"date":"2022-12-19T12:58:31","date_gmt":"2022-12-19T11:58:31","guid":{"rendered":"https:\/\/cuc.carnet.hr\/2023\/?page_id=90"},"modified":"2022-12-19T15:47:11","modified_gmt":"2022-12-19T14:47:11","slug":"arjana-blazic","status":"publish","type":"page","link":"https:\/\/cuc.carnet.hr\/2023\/arjana-blazic\/","title":{"rendered":"Arjana Bla\u017ei\u0107"},"content":{"rendered":"\n<p>Arjana Bla\u017ei\u0107 je profesorica engleskog i njema\u010dkog jezika, instrukcijska dizajnerica i savjetnica za obrazovnu tehnologiju. Vanjska je suradnica European Schoolneta gdje dizajnira te\u010dajeve za profesionalni razvoj u\u010ditelja i obrazovne materijale za EU Code Week. <\/p>\n\n\n\n<p>Kao stipendistica Hubert H. Humphrey Fellowship programa, akademsku godinu 2014.\/2015. provela je na stru\u010dnom usavr\u0161avanju o uporabi digitalnih tehnologija u nastavi na Sveu\u010dili\u0161tu Penn State u SAD-u. Zavr\u0161ila je CARNET-ovu E-learning akademiju, smjer Course Design. Uz to je i eTwinning ambasadorica i Microsoft Innovative Educator Expert.&nbsp;<\/p>\n\n\n\n<p>Autorica je brojnih te\u010dajeva, radionica\u202f i predavanja koje je vodila na poziv raznih institucija u zemlji i inozemstvu. 2011. godine pokrenula je virtualne\u202f<em>TeachMeet<\/em> susrete za razmjenu iskustava nastavnika, a od 2018. godine organizira i vodi Teachmeet International na BETT Show u Londonu. Autorica je i voditeljica masovnih otvorenih online te\u010dajeva (MOOC) <em>AI Basics for Schools<\/em> i <em>CodeWeek Bootcamp<\/em> na portalu European Schoolnet Academy. Organizirala je brojne u\u010deni\u010dke razmjene i projekte sa \u0161kolama iz raznih dijelova svijeta, od kojih se posebno isti\u010du nagra\u0111eni projekti <em>Greetings from the world<\/em> koji je povezao nastavnike i u\u010denike iz 27 \u0161kola sa svih \u0161est kontinenata te <em>Coursera Kids<\/em> u kojem je u nastavu engleskoga jezika integrirala Courserin\u202fMOOC. \u010clanica je me\u0111unarodne ekspertne skupine za izradu publikacije Driving K-12 Innovation u izdanju organizacije Consortium for School Networking.&nbsp;<\/p>\n","protected":false},"excerpt":{"rendered":"<p>Arjana Bla\u017ei\u0107 je profesorica engleskog i njema\u010dkog jezika, instrukcijska dizajnerica i savjetnica za obrazovnu tehnologiju. Vanjska je suradnica European Schoolneta gdje dizajnira te\u010dajeve za profesionalni razvoj u\u010ditelja i obrazovne materijale za EU Code Week. Kao stipendistica Hubert H. Humphrey Fellowship programa, akademsku godinu 2014.\/2015. provela je na stru\u010dnom usavr\u0161avanju o uporabi digitalnih tehnologija u nastavi [&hellip;]<\/p>\n","protected":false},"author":2,"featured_media":0,"parent":0,"menu_order":0,"comment_status":"closed","ping_status":"closed","template":"","meta":{"footnotes":""},"class_list":["post-90","page","type-page","status-publish","hentry"],"_links":{"self":[{"href":"https:\/\/cuc.carnet.hr\/2023\/wp-json\/wp\/v2\/pages\/90","targetHints":{"allow":["GET"]}}],"collection":[{"href":"https:\/\/cuc.carnet.hr\/2023\/wp-json\/wp\/v2\/pages"}],"about":[{"href":"https:\/\/cuc.carnet.hr\/2023\/wp-json\/wp\/v2\/types\/page"}],"author":[{"embeddable":true,"href":"https:\/\/cuc.carnet.hr\/2023\/wp-json\/wp\/v2\/users\/2"}],"replies":[{"embeddable":true,"href":"https:\/\/cuc.carnet.hr\/2023\/wp-json\/wp\/v2\/comments?post=90"}],"version-history":[{"count":2,"href":"https:\/\/cuc.carnet.hr\/2023\/wp-json\/wp\/v2\/pages\/90\/revisions"}],"predecessor-version":[{"id":130,"href":"https:\/\/cuc.carnet.hr\/2023\/wp-json\/wp\/v2\/pages\/90\/revisions\/130"}],"wp:attachment":[{"href":"https:\/\/cuc.carnet.hr\/2023\/wp-json\/wp\/v2\/media?parent=90"}],"curies":[{"name":"wp","href":"https:\/\/api.w.org\/{rel}","templated":true}]}}