{"id":119,"date":"2022-12-19T15:29:33","date_gmt":"2022-12-19T14:29:33","guid":{"rendered":"https:\/\/cuc.carnet.hr\/2023\/?page_id=119"},"modified":"2022-12-19T15:29:33","modified_gmt":"2022-12-19T14:29:33","slug":"sanda-staresina","status":"publish","type":"page","link":"https:\/\/cuc.carnet.hr\/2023\/sanda-staresina\/","title":{"rendered":"Sanda Stare\u0161ina"},"content":{"rendered":"\n<p>Sanda Stare\u0161ina, prof. def., specijalistica je u podru\u010dju digitalne pristupa\u010dnosti zaposlena u CARNET-ovom Odjelu za podr\u0161ku obrazovanju.&nbsp;<\/p>\n\n\n\n<p>Odgovorna je za provedbu mjera kojima se osigurava pristupa\u010dnost mre\u017enih stranica, programskih rje\u0161enja i digitalnih obrazovnih sadr\u017eaja izra\u0111enih u okviru projekta e-\u0160kole i drugih CARNET-ovih projekata i aktivnosti. Kao \u010dlanica radne skupine, sudjelovala je u izradi <em>Zakona o pristupa\u010dnosti mre\u017enih stranica i programskih rje\u0161enja za pokretne ure\u0111aje tijela javnog sektora<\/em>. Izradila je CARNET-ove <em>Smjernice za osiguravanje digitalne pristupa\u010dnosti<\/em> temeljem kojih CARNET i druga tijela javne uprave RH omogu\u0107avaju i testiraju pristupa\u010dnost.&nbsp;&nbsp;<\/p>\n\n\n\n<p>Zanima je podru\u010dje primjene asistivne tehnologije u obrazovanju o kojoj u\u010di i kojom se bavi u okviru projekta <em>Podr\u0161ka ostvarenju jednakih mogu\u0107nosti u obrazovanju za u\u010denike s te\u0161ko\u0107ama u razvoju \u2013 ATTEND<\/em>. Za taj je projekt izradila i provodi kampanju za podizanje svijesti javnosti o va\u017enosti inkluzivnog obrazovanja djece s posebnim obrazovnim potrebama te o primjenjivosti i u\u010dinkovitosti asistivne tehnologije u tom procesu.\u00a0<\/p>\n\n\n\n<p>U CARNET-u radi od 1998. godine na poslovima voditeljice Pilot-projekata, koordinatorice marketin\u0161kih komunikacija i voditeljice Marketinga, a trenutno je specijalistica u Slu\u017ebi za obrazovne tehnologije. U organizaciji CARNET-ove konferencije za korisnike &#8211; CUC sudjelovala je 18 godina.\u00a0<\/p>\n\n\n\n<p>Diplomirala je na Edukacijsko-rehabilitacijskom fakultetu te je poha\u0111ala razli\u010dita formalna i neformalna usavr\u0161avanja iz podru\u010dja socijalne psihijatrije i sociopatologije, upravljanja marketin\u0161kom komunikacijom, upravljanja projektima te komunikacijskih, interpersonalnih i menad\u017eerskih vje\u0161tina.<\/p>\n","protected":false},"excerpt":{"rendered":"<p>Sanda Stare\u0161ina, prof. def., specijalistica je u podru\u010dju digitalne pristupa\u010dnosti zaposlena u CARNET-ovom Odjelu za podr\u0161ku obrazovanju.&nbsp; Odgovorna je za provedbu mjera kojima se osigurava pristupa\u010dnost mre\u017enih stranica, programskih rje\u0161enja i digitalnih obrazovnih sadr\u017eaja izra\u0111enih u okviru projekta e-\u0160kole i drugih CARNET-ovih projekata i aktivnosti. Kao \u010dlanica radne skupine, sudjelovala je u izradi Zakona o [&hellip;]<\/p>\n","protected":false},"author":2,"featured_media":0,"parent":0,"menu_order":0,"comment_status":"closed","ping_status":"closed","template":"","meta":{"footnotes":""},"class_list":["post-119","page","type-page","status-publish","hentry"],"_links":{"self":[{"href":"https:\/\/cuc.carnet.hr\/2023\/wp-json\/wp\/v2\/pages\/119","targetHints":{"allow":["GET"]}}],"collection":[{"href":"https:\/\/cuc.carnet.hr\/2023\/wp-json\/wp\/v2\/pages"}],"about":[{"href":"https:\/\/cuc.carnet.hr\/2023\/wp-json\/wp\/v2\/types\/page"}],"author":[{"embeddable":true,"href":"https:\/\/cuc.carnet.hr\/2023\/wp-json\/wp\/v2\/users\/2"}],"replies":[{"embeddable":true,"href":"https:\/\/cuc.carnet.hr\/2023\/wp-json\/wp\/v2\/comments?post=119"}],"version-history":[{"count":1,"href":"https:\/\/cuc.carnet.hr\/2023\/wp-json\/wp\/v2\/pages\/119\/revisions"}],"predecessor-version":[{"id":120,"href":"https:\/\/cuc.carnet.hr\/2023\/wp-json\/wp\/v2\/pages\/119\/revisions\/120"}],"wp:attachment":[{"href":"https:\/\/cuc.carnet.hr\/2023\/wp-json\/wp\/v2\/media?parent=119"}],"curies":[{"name":"wp","href":"https:\/\/api.w.org\/{rel}","templated":true}]}}