{"id":115,"date":"2022-12-19T15:24:53","date_gmt":"2022-12-19T14:24:53","guid":{"rendered":"https:\/\/cuc.carnet.hr\/2023\/?page_id=115"},"modified":"2022-12-19T15:24:53","modified_gmt":"2022-12-19T14:24:53","slug":"milka-fofonjka","status":"publish","type":"page","link":"https:\/\/cuc.carnet.hr\/2023\/milka-fofonjka\/","title":{"rendered":"Milka Fofonjka"},"content":{"rendered":"\n<p>Milka Fofonjka radi kao u\u010diteljica matematike u II. O\u0160 Bjelovar. Promovirana je u izvrsnog savjetnika 2021. godine.\u00a0 Magistrirala je na poslijediplomskom stru\u010dnom studiju \u201eSuvremena osnovna \u0161kola\u201c U\u010diteljskog fakulteta Sveu\u010dili\u0161ta u Zagrebu. <\/p>\n\n\n\n<p>Na natje\u010daju Ministarstva znanosti i obrazovanja njen digitalni sadr\u017eaj u\u0161ao je u 100 najboljih digitalnih sadr\u017eaja u Republici Hrvatskoj. 2020. i 2022. godine je progla\u0161ena jednom od 513 najboljih u\u010ditelja RH. U svom radu redovito se usavr\u0161ava na razli\u010ditim podru\u010djima, a poseban interes ima prema mogu\u0107nostima upotrebe IKT-a u suvremenoj nastavi. U programu Erasmus+ koordinatorica je projekta DARovitost i Erasmus akreditacije putem kojeg je omogu\u0107en pristup financijskim sredstvima u razdoblju od 2021. do 2027. godine. <\/p>\n\n\n\n<p>Autorica je stru\u010dnih\u00a0 priru\u010dnika, e-te\u010dajeva, radnih bilje\u017enica iz matematike za darovite u\u010denike od petog do osmog razreda, obrazovnih digitalnih sadr\u017eaja za matematiku\u00a0 \u201eIZZI\u201c od petog do osmog razreda u izdanju Profil-Klett d.o.o.<\/p>\n","protected":false},"excerpt":{"rendered":"<p>Milka Fofonjka radi kao u\u010diteljica matematike u II. O\u0160 Bjelovar. Promovirana je u izvrsnog savjetnika 2021. godine.\u00a0 Magistrirala je na poslijediplomskom stru\u010dnom studiju \u201eSuvremena osnovna \u0161kola\u201c U\u010diteljskog fakulteta Sveu\u010dili\u0161ta u Zagrebu. Na natje\u010daju Ministarstva znanosti i obrazovanja njen digitalni sadr\u017eaj u\u0161ao je u 100 najboljih digitalnih sadr\u017eaja u Republici Hrvatskoj. 2020. i 2022. godine je [&hellip;]<\/p>\n","protected":false},"author":2,"featured_media":0,"parent":0,"menu_order":0,"comment_status":"closed","ping_status":"closed","template":"","meta":{"footnotes":""},"class_list":["post-115","page","type-page","status-publish","hentry"],"_links":{"self":[{"href":"https:\/\/cuc.carnet.hr\/2023\/wp-json\/wp\/v2\/pages\/115","targetHints":{"allow":["GET"]}}],"collection":[{"href":"https:\/\/cuc.carnet.hr\/2023\/wp-json\/wp\/v2\/pages"}],"about":[{"href":"https:\/\/cuc.carnet.hr\/2023\/wp-json\/wp\/v2\/types\/page"}],"author":[{"embeddable":true,"href":"https:\/\/cuc.carnet.hr\/2023\/wp-json\/wp\/v2\/users\/2"}],"replies":[{"embeddable":true,"href":"https:\/\/cuc.carnet.hr\/2023\/wp-json\/wp\/v2\/comments?post=115"}],"version-history":[{"count":1,"href":"https:\/\/cuc.carnet.hr\/2023\/wp-json\/wp\/v2\/pages\/115\/revisions"}],"predecessor-version":[{"id":116,"href":"https:\/\/cuc.carnet.hr\/2023\/wp-json\/wp\/v2\/pages\/115\/revisions\/116"}],"wp:attachment":[{"href":"https:\/\/cuc.carnet.hr\/2023\/wp-json\/wp\/v2\/media?parent=115"}],"curies":[{"name":"wp","href":"https:\/\/api.w.org\/{rel}","templated":true}]}}