{"id":113,"date":"2022-12-19T15:11:07","date_gmt":"2022-12-19T14:11:07","guid":{"rendered":"https:\/\/cuc.carnet.hr\/2023\/?page_id=113"},"modified":"2022-12-19T15:11:07","modified_gmt":"2022-12-19T14:11:07","slug":"marko-matijevic","status":"publish","type":"page","link":"https:\/\/cuc.carnet.hr\/2023\/marko-matijevic\/","title":{"rendered":"Marko Matijevi\u0107"},"content":{"rendered":"\n<p>Marko Matijevi\u0107 je od \u0161estog razreda znao da \u0107e biti novinar, a vizija mu se ostvarila na \u010detvrtoj godini faksa kada je pokrenuo portal srednja.hr.<\/p>\n\n\n\n<p>Danas, nakon deset godina, glavni je urednik najve\u0107eg obrazovnog i mladena\u010dkog portala u zemlji.<\/p>\n\n\n\n<p>Da mu \u017eivot ne bude dosadan, u me\u0111uvremenu je pokrenuo portal mirovina.hr za populaciju 55+ koja sve vi\u0161e osvaja digitalni svijet. Za sponu izme\u0111u mladih i starih, tu se na\u0161ao portal bau\u0161tela.hr koji pi\u0161e o gra\u0111evinskom sektoru.<\/p>\n","protected":false},"excerpt":{"rendered":"<p>Marko Matijevi\u0107 je od \u0161estog razreda znao da \u0107e biti novinar, a vizija mu se ostvarila na \u010detvrtoj godini faksa kada je pokrenuo portal srednja.hr. Danas, nakon deset godina, glavni je urednik najve\u0107eg obrazovnog i mladena\u010dkog portala u zemlji. Da mu \u017eivot ne bude dosadan, u me\u0111uvremenu je pokrenuo portal mirovina.hr za populaciju 55+ koja [&hellip;]<\/p>\n","protected":false},"author":2,"featured_media":0,"parent":0,"menu_order":0,"comment_status":"closed","ping_status":"closed","template":"","meta":{"footnotes":""},"class_list":["post-113","page","type-page","status-publish","hentry"],"_links":{"self":[{"href":"https:\/\/cuc.carnet.hr\/2023\/wp-json\/wp\/v2\/pages\/113","targetHints":{"allow":["GET"]}}],"collection":[{"href":"https:\/\/cuc.carnet.hr\/2023\/wp-json\/wp\/v2\/pages"}],"about":[{"href":"https:\/\/cuc.carnet.hr\/2023\/wp-json\/wp\/v2\/types\/page"}],"author":[{"embeddable":true,"href":"https:\/\/cuc.carnet.hr\/2023\/wp-json\/wp\/v2\/users\/2"}],"replies":[{"embeddable":true,"href":"https:\/\/cuc.carnet.hr\/2023\/wp-json\/wp\/v2\/comments?post=113"}],"version-history":[{"count":1,"href":"https:\/\/cuc.carnet.hr\/2023\/wp-json\/wp\/v2\/pages\/113\/revisions"}],"predecessor-version":[{"id":114,"href":"https:\/\/cuc.carnet.hr\/2023\/wp-json\/wp\/v2\/pages\/113\/revisions\/114"}],"wp:attachment":[{"href":"https:\/\/cuc.carnet.hr\/2023\/wp-json\/wp\/v2\/media?parent=113"}],"curies":[{"name":"wp","href":"https:\/\/api.w.org\/{rel}","templated":true}]}}