{"id":102,"date":"2022-12-19T15:00:29","date_gmt":"2022-12-19T14:00:29","guid":{"rendered":"https:\/\/cuc.carnet.hr\/2023\/?page_id=102"},"modified":"2022-12-19T15:00:29","modified_gmt":"2022-12-19T14:00:29","slug":"hajdi-cenan","status":"publish","type":"page","link":"https:\/\/cuc.carnet.hr\/2023\/hajdi-cenan\/","title":{"rendered":"Hajdi \u0106enan"},"content":{"rendered":"\n<p>Kako se sama opisuje, Hajdi \u0106enan je non-tech osoba u tech svijetu, ljubiteljica putovanja i vina, pobornica cjelo\u017eivotnog u\u010denja i benefita koji dolaze kroz jednakost.&nbsp;<\/p>\n\n\n\n<p>U pro\u0161lom \u017eivotu bila je izvr\u0161na direktorica marketinga i direktorica turisti\u010dkog izdava\u0161tva u Europapress holdingu (danas Hanza Media) i izvr\u0161na direktorica DRAP-a, najnagra\u0111ivanije digitalne marketin\u0161ke\/tehnolo\u0161ke\/inovacijske agencije u Hrvatskoj.&nbsp;<\/p>\n\n\n\n<p>Trenutno je suosniva\u010dica i CEO svojeg najnovijeg pothvata, AI startupa airt koji omogu\u0107ava tvrtkama da jednostavno i brzo primijene i koriste mo\u0107 umjetne inteligencije na svim svojim podacima. Ujedno je i potpredsjednica Hrvatske udruge za umjetnu inteligenciju te predsjednica krovne startup udruge Cro Startup.<\/p>\n","protected":false},"excerpt":{"rendered":"<p>Kako se sama opisuje, Hajdi \u0106enan je non-tech osoba u tech svijetu, ljubiteljica putovanja i vina, pobornica cjelo\u017eivotnog u\u010denja i benefita koji dolaze kroz jednakost.&nbsp; U pro\u0161lom \u017eivotu bila je izvr\u0161na direktorica marketinga i direktorica turisti\u010dkog izdava\u0161tva u Europapress holdingu (danas Hanza Media) i izvr\u0161na direktorica DRAP-a, najnagra\u0111ivanije digitalne marketin\u0161ke\/tehnolo\u0161ke\/inovacijske agencije u Hrvatskoj.&nbsp; Trenutno je [&hellip;]<\/p>\n","protected":false},"author":2,"featured_media":0,"parent":0,"menu_order":0,"comment_status":"closed","ping_status":"closed","template":"","meta":{"footnotes":""},"class_list":["post-102","page","type-page","status-publish","hentry"],"_links":{"self":[{"href":"https:\/\/cuc.carnet.hr\/2023\/wp-json\/wp\/v2\/pages\/102","targetHints":{"allow":["GET"]}}],"collection":[{"href":"https:\/\/cuc.carnet.hr\/2023\/wp-json\/wp\/v2\/pages"}],"about":[{"href":"https:\/\/cuc.carnet.hr\/2023\/wp-json\/wp\/v2\/types\/page"}],"author":[{"embeddable":true,"href":"https:\/\/cuc.carnet.hr\/2023\/wp-json\/wp\/v2\/users\/2"}],"replies":[{"embeddable":true,"href":"https:\/\/cuc.carnet.hr\/2023\/wp-json\/wp\/v2\/comments?post=102"}],"version-history":[{"count":1,"href":"https:\/\/cuc.carnet.hr\/2023\/wp-json\/wp\/v2\/pages\/102\/revisions"}],"predecessor-version":[{"id":104,"href":"https:\/\/cuc.carnet.hr\/2023\/wp-json\/wp\/v2\/pages\/102\/revisions\/104"}],"wp:attachment":[{"href":"https:\/\/cuc.carnet.hr\/2023\/wp-json\/wp\/v2\/media?parent=102"}],"curies":[{"name":"wp","href":"https:\/\/api.w.org\/{rel}","templated":true}]}}