{"id":100,"date":"2022-12-19T14:59:09","date_gmt":"2022-12-19T13:59:09","guid":{"rendered":"https:\/\/cuc.carnet.hr\/2023\/?page_id=100"},"modified":"2022-12-19T14:59:09","modified_gmt":"2022-12-19T13:59:09","slug":"goran-skvarc","status":"publish","type":"page","link":"https:\/\/cuc.carnet.hr\/2023\/goran-skvarc\/","title":{"rendered":"Goran \u0160kvar\u010d"},"content":{"rendered":"\n<p>Goran \u0160kvar\u010d zaposlen je u CARNET-u kao savjetnik ravnatelja za suradnju s javnom upravom. U 19 godina pro\u0161ao je poslove od stru\u010dnog suradnika, voditelja posebnih programa i projekata, voditelja poslovnih komunikacija i koordinatora me\u0111unarodne suradnje, pomo\u0107nika ravnatelja za podr\u0161ku obrazovanju te trenutno zamjenika voditelja projekta e-\u0160kole. <\/p>\n\n\n\n<p>Sudjeluje u radu CARNET-ove konferencije za korisnike od 2004. godine te je s vremenom pro\u0161ao sve poslove, od tajnika konferencije, voditelja organizacije, \u010dlana Programskog odbora i \u010detiri puta predsjednika Programskog odbora. Sudjelovao je u gotovo svim komunikacijskim projektima CARNET-a unatrag 15 godina, a brojne od njih je i vodio.<\/p>\n","protected":false},"excerpt":{"rendered":"<p>Goran \u0160kvar\u010d zaposlen je u CARNET-u kao savjetnik ravnatelja za suradnju s javnom upravom. U 19 godina pro\u0161ao je poslove od stru\u010dnog suradnika, voditelja posebnih programa i projekata, voditelja poslovnih komunikacija i koordinatora me\u0111unarodne suradnje, pomo\u0107nika ravnatelja za podr\u0161ku obrazovanju te trenutno zamjenika voditelja projekta e-\u0160kole. Sudjeluje u radu CARNET-ove konferencije za korisnike od 2004. [&hellip;]<\/p>\n","protected":false},"author":2,"featured_media":0,"parent":0,"menu_order":0,"comment_status":"closed","ping_status":"closed","template":"","meta":{"footnotes":""},"class_list":["post-100","page","type-page","status-publish","hentry"],"_links":{"self":[{"href":"https:\/\/cuc.carnet.hr\/2023\/wp-json\/wp\/v2\/pages\/100","targetHints":{"allow":["GET"]}}],"collection":[{"href":"https:\/\/cuc.carnet.hr\/2023\/wp-json\/wp\/v2\/pages"}],"about":[{"href":"https:\/\/cuc.carnet.hr\/2023\/wp-json\/wp\/v2\/types\/page"}],"author":[{"embeddable":true,"href":"https:\/\/cuc.carnet.hr\/2023\/wp-json\/wp\/v2\/users\/2"}],"replies":[{"embeddable":true,"href":"https:\/\/cuc.carnet.hr\/2023\/wp-json\/wp\/v2\/comments?post=100"}],"version-history":[{"count":1,"href":"https:\/\/cuc.carnet.hr\/2023\/wp-json\/wp\/v2\/pages\/100\/revisions"}],"predecessor-version":[{"id":101,"href":"https:\/\/cuc.carnet.hr\/2023\/wp-json\/wp\/v2\/pages\/100\/revisions\/101"}],"wp:attachment":[{"href":"https:\/\/cuc.carnet.hr\/2023\/wp-json\/wp\/v2\/media?parent=100"}],"curies":[{"name":"wp","href":"https:\/\/api.w.org\/{rel}","templated":true}]}}